Last updated on 2025-01-17 00:49:18 CET.
Flavor | Version | Tinstall | Tcheck | Ttotal | Status | Flags |
---|---|---|---|---|---|---|
r-devel-linux-x86_64-debian-clang | 1.1.0 | 28.36 | 55.56 | 83.92 | OK | |
r-devel-linux-x86_64-debian-gcc | 1.1.0 | 19.26 | 43.42 | 62.68 | OK | |
r-devel-linux-x86_64-fedora-clang | 1.1.0 | 150.62 | OK | |||
r-devel-linux-x86_64-fedora-gcc | 1.1.0 | 185.73 | NOTE | |||
r-devel-windows-x86_64 | 1.1.0 | 30.00 | 100.00 | 130.00 | OK | |
r-patched-linux-x86_64 | 1.1.0 | 28.29 | 53.58 | 81.87 | OK | |
r-release-linux-x86_64 | 1.1.0 | 27.15 | 54.19 | 81.34 | OK | |
r-release-macos-arm64 | 1.1.0 | 80.00 | OK | |||
r-release-macos-x86_64 | 1.1.0 | 98.00 | OK | |||
r-release-windows-x86_64 | 1.1.0 | 30.00 | 102.00 | 132.00 | OK | |
r-oldrel-macos-arm64 | 1.1.0 | 88.00 | OK | |||
r-oldrel-macos-x86_64 | 1.1.0 | 141.00 | OK | |||
r-oldrel-windows-x86_64 | 1.1.0 | 33.00 | 113.00 | 146.00 | OK |
Version: 1.1.0
Check: for detritus in the temp directory
Result: NOTE
Found the following files/directories:
‘Crashpad’
Flavor: r-devel-linux-x86_64-fedora-gcc