Last updated on 2023-10-04 00:58:38 CEST.
Flavor | Version | Tinstall | Tcheck | Ttotal | Status | Flags |
---|---|---|---|---|---|---|
r-devel-linux-x86_64-debian-clang | 0.0.9 | 18.43 | 41.87 | 60.30 | NOTE | |
r-devel-linux-x86_64-debian-gcc | 0.0.9 | 13.81 | 32.74 | 46.55 | NOTE | |
r-devel-linux-x86_64-fedora-clang | 0.0.9 | 87.65 | NOTE | |||
r-devel-linux-x86_64-fedora-gcc | 0.0.9 | 87.91 | NOTE | |||
r-devel-windows-x86_64 | 0.0.9 | 21.00 | 73.00 | 94.00 | NOTE | |
r-patched-linux-x86_64 | 0.0.9 | 15.04 | 41.29 | 56.33 | NOTE | |
r-release-linux-x86_64 | 0.0.9 | 14.50 | 41.21 | 55.71 | NOTE | |
r-release-macos-arm64 | 0.0.9 | 31.00 | NOTE | |||
r-release-macos-x86_64 | 0.0.9 | 47.00 | NOTE | |||
r-release-windows-x86_64 | 0.0.9 | 24.00 | 85.00 | 109.00 | NOTE | |
r-oldrel-macos-arm64 | 0.0.9 | 28.00 | NOTE | |||
r-oldrel-macos-x86_64 | 0.0.9 | 38.00 | OK | |||
r-oldrel-windows-x86_64 | 0.0.9 | 25.00 | 85.00 | 110.00 | OK |
Version: 0.0.9
Check: C++ specification
Result: NOTE
Specified C++11: please drop specification unless essential
Flavors: r-devel-linux-x86_64-debian-clang, r-devel-linux-x86_64-debian-gcc, r-devel-linux-x86_64-fedora-clang, r-devel-linux-x86_64-fedora-gcc, r-devel-windows-x86_64, r-patched-linux-x86_64, r-release-linux-x86_64, r-release-macos-arm64, r-release-macos-x86_64, r-release-windows-x86_64
Version: 0.0.9
Check: package dependencies
Result: NOTE
Package suggested but not available for checking: ‘SMITIDstruct’
Flavor: r-oldrel-macos-arm64