CRAN Package Check Results for Package SPARRAfairness

Last updated on 2024-03-05 00:51:59 CET.

Flavor Version Tinstall Tcheck Ttotal Status Flags
r-devel-linux-x86_64-debian-clang 0.0.0.1 9.62 86.64 96.26 NOTE
r-devel-linux-x86_64-debian-gcc 0.0.0.1 7.37 65.20 72.57 NOTE
r-devel-linux-x86_64-fedora-clang 0.0.0.1 127.69 NOTE
r-devel-linux-x86_64-fedora-gcc 0.0.0.1 156.19 NOTE
r-devel-windows-x86_64 0.0.0.1 10.00 85.00 95.00 NOTE
r-patched-linux-x86_64 0.0.0.1 10.43 85.34 95.77 OK
r-release-linux-x86_64 0.0.0.1 10.36 85.34 95.70 OK
r-release-macos-arm64 0.0.0.1 52.00 OK
r-release-macos-x86_64 0.0.0.1 105.00 OK
r-release-windows-x86_64 0.0.0.1 12.00 96.00 108.00 OK
r-oldrel-macos-arm64 0.0.0.1 46.00 OK
r-oldrel-windows-x86_64 0.0.0.1 15.00 102.00 117.00 OK

Check Details

Version: 0.0.0.1
Check: Rd files
Result: NOTE checkRd: (-1) counterfactual_yhat.Rd:47: Lost braces; missing escapes or markup? 47 | We want the counterfactual Yhat_{g' <- G} |X=x,G=g (or alternatively | ^ checkRd: (-1) counterfactual_yhat.Rd:48: Lost braces; missing escapes or markup? 48 | Yhat_{g' <- G} |G=g). | ^ checkRd: (-1) counterfactual_yhat.Rd:58: Lost braces; missing escapes or markup? 58 | To estimate Y'=Yhat_{g' <- G} | G=g, we need to | ^ checkRd: (-1) counterfactual_yhat.Rd:65: Lost braces; missing escapes or markup? 65 | To estimate Y'=Yhat_{g' <- G} |X=x, G=g, we need to | ^ checkRd: (-1) counterfactual_yhat.Rd:27: Lost braces; missing escapes or markup? 27 | indices representing sample(s) from counterfactual Yhat_{g' <- G} |X=x,G=g | ^ Flavors: r-devel-linux-x86_64-debian-clang, r-devel-linux-x86_64-debian-gcc, r-devel-linux-x86_64-fedora-clang, r-devel-linux-x86_64-fedora-gcc, r-devel-windows-x86_64