CRAN Package Check Results for Package SPEDInstabR

Last updated on 2021-12-08 00:49:33 CET.

Flavor Version Tinstall Tcheck Ttotal Status Flags
r-devel-linux-x86_64-debian-clang 1.8 3.08 43.07 46.15 OK
r-devel-linux-x86_64-debian-gcc 1.8 2.41 33.55 35.96 OK
r-devel-linux-x86_64-fedora-clang 1.8 57.05 NOTE
r-devel-linux-x86_64-fedora-gcc 1.8 46.50 NOTE
r-devel-windows-x86_64-new-UL 1.8 11.00 72.00 83.00 OK
r-devel-windows-x86_64-new-TK 1.8 NOTE
r-devel-windows-x86_64-old 1.8 6.00 54.00 60.00 OK
r-patched-linux-x86_64 1.8 3.14 41.05 44.19 OK
r-release-linux-x86_64 1.8 3.09 41.03 44.12 OK
r-release-macos-arm64 1.8 NOTE
r-release-macos-x86_64 1.8 NOTE
r-release-windows-ix86+x86_64 1.8 5.00 55.00 60.00 OK
r-oldrel-macos-x86_64 1.8 NOTE
r-oldrel-windows-ix86+x86_64 1.8 20.00 54.00 74.00 OK

Check Details

Version: 1.8
Check: data for non-ASCII characters
Result: NOTE
     Note: found 5 marked Latin-1 strings
Flavors: r-devel-linux-x86_64-fedora-clang, r-devel-linux-x86_64-fedora-gcc, r-devel-windows-x86_64-new-TK, r-release-macos-arm64, r-release-macos-x86_64, r-oldrel-macos-x86_64