CRAN Package Check Results for Package SSN

Last updated on 2021-10-27 00:51:20 CEST.

Flavor Version Tinstall Tcheck Ttotal Status Flags
r-devel-linux-x86_64-debian-clang 1.1.15 19.46 191.68 211.14 OK
r-devel-linux-x86_64-debian-gcc 1.1.15 19.29 149.97 169.26 OK
r-devel-linux-x86_64-fedora-clang 1.1.15 279.38 OK
r-devel-linux-x86_64-fedora-gcc 1.1.15 264.38 OK
r-devel-windows-x86_64 1.1.15 41.00 284.00 325.00 OK
r-devel-windows-x86_64-gcc10-UCRT 1.1.15 OK
r-patched-linux-x86_64 1.1.15 26.07 187.50 213.57 OK
r-patched-solaris-x86 1.1.15 398.60 NOTE
r-release-linux-x86_64 1.1.15 19.88 188.27 208.15 OK
r-release-macos-arm64 1.1.15 OK
r-release-macos-x86_64 1.1.15 OK
r-release-windows-ix86+x86_64 1.1.15 45.00 363.00 408.00 OK
r-oldrel-macos-x86_64 1.1.15 OK
r-oldrel-windows-ix86+x86_64 1.1.15 55.00 412.00 467.00 OK

Check Details

Version: 1.1.15
Check: installed package size
Result: NOTE
     installed size is 5.4Mb
     sub-directories of 1Mb or more:
     lsndata 2.9Mb
Flavor: r-patched-solaris-x86