CRAN Package Check Results for Package SSOSVM

Last updated on 2024-04-17 00:54:34 CEST.

Flavor Version Tinstall Tcheck Ttotal Status Flags
r-devel-linux-x86_64-debian-clang 0.2.1 38.97 30.62 69.59 NOTE
r-devel-linux-x86_64-debian-gcc 0.2.1 31.78 23.51 55.29 NOTE
r-devel-linux-x86_64-fedora-clang 0.2.1 94.84 NOTE
r-devel-linux-x86_64-fedora-gcc 0.2.1 93.99 NOTE
r-prerel-macos-arm64 0.2.1 26.00 NOTE
r-prerel-windows-x86_64 0.2.1 29.00 59.00 88.00 NOTE
r-patched-linux-x86_64 0.2.1 38.23 30.08 68.31 NOTE
r-release-linux-x86_64 0.2.1 33.79 29.01 62.80 NOTE
r-release-macos-arm64 0.2.1 28.00 NOTE
r-release-macos-x86_64 0.2.1 45.00 NOTE
r-release-windows-x86_64 0.2.1 39.00 71.00 110.00 NOTE
r-oldrel-macos-arm64 0.2.1 34.00 OK
r-oldrel-windows-x86_64 0.2.1 36.00 69.00 105.00 OK

Check Details

Version: 0.2.1
Check: C++ specification
Result: NOTE Specified C++11: please drop specification unless essential Flavors: r-devel-linux-x86_64-debian-clang, r-devel-linux-x86_64-debian-gcc, r-devel-linux-x86_64-fedora-clang, r-devel-linux-x86_64-fedora-gcc, r-prerel-macos-arm64, r-prerel-windows-x86_64, r-patched-linux-x86_64, r-release-linux-x86_64, r-release-macos-arm64, r-release-macos-x86_64, r-release-windows-x86_64

Version: 0.2.1
Check: package subdirectories
Result: NOTE Problems with news in ‘NEWS.md’: No news entries found. Flavors: r-devel-linux-x86_64-debian-clang, r-devel-linux-x86_64-debian-gcc, r-devel-linux-x86_64-fedora-clang, r-devel-linux-x86_64-fedora-gcc, r-prerel-macos-arm64, r-prerel-windows-x86_64, r-patched-linux-x86_64, r-release-linux-x86_64, r-release-macos-arm64, r-release-macos-x86_64, r-release-windows-x86_64

Version: 0.2.1
Check: dependencies in R code
Result: NOTE Namespace in Imports field not imported from: ‘MASS’ All declared Imports should be used. Flavors: r-devel-linux-x86_64-fedora-clang, r-devel-linux-x86_64-fedora-gcc