CRAN Package Check Results for Package Scalelink

Last updated on 2021-12-08 00:49:31 CET.

Flavor Version Tinstall Tcheck Ttotal Status Flags
r-devel-linux-x86_64-debian-clang 1.0 20.01 39.09 59.10 NOTE
r-devel-linux-x86_64-debian-gcc 1.0 14.88 31.05 45.93 NOTE
r-devel-linux-x86_64-fedora-clang 1.0 84.37 NOTE
r-devel-linux-x86_64-fedora-gcc 1.0 66.98 NOTE
r-devel-windows-x86_64-new-UL 1.0 33.00 92.00 125.00 NOTE
r-devel-windows-x86_64-new-TK 1.0 NOTE
r-devel-windows-x86_64-old 1.0 31.00 62.00 93.00 NOTE
r-patched-linux-x86_64 1.0 17.18 37.59 54.77 NOTE
r-release-linux-x86_64 1.0 16.80 37.93 54.73 NOTE
r-release-macos-arm64 1.0 NOTE
r-release-macos-x86_64 1.0 NOTE
r-release-windows-ix86+x86_64 1.0 43.00 80.00 123.00 NOTE
r-oldrel-macos-x86_64 1.0 NOTE
r-oldrel-windows-ix86+x86_64 1.0 56.00 85.00 141.00 NOTE

Check Details

Version: 1.0
Check: for GNU extensions in Makefiles
Result: NOTE
    GNU make is a SystemRequirements.
Flavors: r-devel-linux-x86_64-debian-clang, r-devel-linux-x86_64-debian-gcc, r-devel-linux-x86_64-fedora-clang, r-devel-linux-x86_64-fedora-gcc, r-devel-windows-x86_64-new-UL, r-devel-windows-x86_64-new-TK, r-devel-windows-x86_64-old, r-patched-linux-x86_64, r-release-linux-x86_64, r-release-macos-arm64, r-release-macos-x86_64, r-release-windows-ix86+x86_64, r-oldrel-macos-x86_64, r-oldrel-windows-ix86+x86_64