CRAN Package Check Results for Package SeaVal

Last updated on 2024-06-13 00:55:31 CEST.

Flavor Version Tinstall Tcheck Ttotal Status Flags
r-devel-linux-x86_64-debian-clang 1.1.1 17.73 86.71 104.44 OK
r-devel-linux-x86_64-debian-gcc 1.1.1 1.43 1.70 3.13 ERROR
r-devel-linux-x86_64-fedora-clang 1.1.1 123.68 NOTE
r-devel-linux-x86_64-fedora-gcc 1.1.1 113.93 OK
r-devel-windows-x86_64 1.1.1 15.00 92.00 107.00 NOTE
r-patched-linux-x86_64 1.1.1 17.66 81.73 99.39 OK
r-release-linux-x86_64 1.1.1 12.06 84.95 97.01 OK
r-release-macos-arm64 1.1.1 35.00 NOTE
r-release-macos-x86_64 1.1.1 52.00 NOTE
r-release-windows-x86_64 1.1.1 14.00 94.00 108.00 NOTE
r-oldrel-macos-arm64 1.1.1 40.00 NOTE
r-oldrel-macos-x86_64 1.1.1 81.00 NOTE
r-oldrel-windows-x86_64 1.1.1 19.00 108.00 127.00 NOTE

Additional issues

donttest

Check Details

Version: 1.1.1
Check: package dependencies
Result: ERROR Packages required but not available: 'ggplot2', 'ggplotify', 'patchwork' See section ‘The DESCRIPTION file’ in the ‘Writing R Extensions’ manual. Flavor: r-devel-linux-x86_64-debian-gcc

Version: 1.1.1
Check: installed package size
Result: NOTE installed size is 19.2Mb sub-directories of 1Mb or more: extdata 18.1Mb Flavors: r-devel-linux-x86_64-fedora-clang, r-devel-windows-x86_64, r-release-macos-arm64, r-release-macos-x86_64, r-release-windows-x86_64, r-oldrel-macos-arm64, r-oldrel-macos-x86_64, r-oldrel-windows-x86_64