CRAN Package Check Results for Package SecKW

Last updated on 2022-01-24 00:47:47 CET.

Flavor Version Tinstall Tcheck Ttotal Status Flags
r-devel-linux-x86_64-debian-clang 0.2 2.20 29.98 32.18 NOTE
r-devel-linux-x86_64-debian-gcc 0.2 1.95 25.94 27.89 NOTE
r-devel-linux-x86_64-fedora-clang 0.2 40.04 NOTE
r-devel-linux-x86_64-fedora-gcc 0.2 29.47 NOTE
r-devel-windows-x86_64-new-UL 0.2 14.00 47.00 61.00 NOTE
r-devel-windows-x86_64-new-TK 0.2 NOTE
r-patched-linux-x86_64 0.2 2.46 29.30 31.76 NOTE
r-release-linux-x86_64 0.2 1.93 29.07 31.00 NOTE
r-release-macos-arm64 0.2 NOTE
r-release-macos-x86_64 0.2 NOTE
r-release-windows-ix86+x86_64 0.2 6.00 36.00 42.00 NOTE
r-oldrel-macos-x86_64 0.2 OK
r-oldrel-windows-ix86+x86_64 0.2 6.00 37.00 43.00 OK

Check Details

Version: 0.2
Check: LazyData
Result: NOTE
     'LazyData' is specified without a 'data' directory
Flavors: r-devel-linux-x86_64-debian-clang, r-devel-linux-x86_64-debian-gcc, r-devel-linux-x86_64-fedora-clang, r-devel-linux-x86_64-fedora-gcc, r-devel-windows-x86_64-new-UL, r-devel-windows-x86_64-new-TK, r-patched-linux-x86_64, r-release-linux-x86_64, r-release-macos-arm64, r-release-macos-x86_64, r-release-windows-ix86+x86_64