CRAN Package Check Results for Package Select

Last updated on 2021-10-25 00:49:26 CEST.

Flavor Version Tinstall Tcheck Ttotal Status Flags
r-devel-linux-x86_64-debian-clang 1.4 2.37 31.49 33.86 OK
r-devel-linux-x86_64-debian-gcc 1.4 1.72 24.47 26.19 OK
r-devel-linux-x86_64-fedora-clang 1.4 52.42 NOTE
r-devel-linux-x86_64-fedora-gcc 1.4 41.44 NOTE
r-devel-windows-x86_64 1.4 5.00 51.00 56.00 OK
r-devel-windows-x86_64-gcc10-UCRT 1.4 NOTE
r-patched-linux-x86_64 1.4 2.28 30.79 33.07 OK
r-patched-solaris-x86 1.4 56.30 NOTE
r-release-linux-x86_64 1.4 2.22 30.63 32.85 OK
r-release-macos-arm64 1.4 NOTE
r-release-macos-x86_64 1.4 NOTE
r-release-windows-ix86+x86_64 1.4 4.00 50.00 54.00 OK
r-oldrel-macos-x86_64 1.4 NOTE
r-oldrel-windows-ix86+x86_64 1.4 7.00 53.00 60.00 OK

Check Details

Version: 1.4
Check: dependencies in R code
Result: NOTE
    Namespace in Imports field not imported from: ‘FD’
     All declared Imports should be used.
Flavors: r-devel-linux-x86_64-fedora-clang, r-devel-linux-x86_64-fedora-gcc, r-devel-windows-x86_64-gcc10-UCRT, r-patched-solaris-x86, r-release-macos-arm64, r-release-macos-x86_64, r-oldrel-macos-x86_64