Last updated on 2023-09-24 00:56:53 CEST.
Flavor | Version | Tinstall | Tcheck | Ttotal | Status | Flags |
---|---|---|---|---|---|---|
r-devel-linux-x86_64-debian-clang | 1.3.4 | 7.82 | 50.72 | 58.54 | OK | |
r-devel-linux-x86_64-debian-gcc | 1.3.4 | 5.71 | 39.46 | 45.17 | OK | |
r-devel-linux-x86_64-fedora-clang | 1.3.4 | 69.99 | NOTE | |||
r-devel-linux-x86_64-fedora-gcc | 1.3.4 | 85.08 | NOTE | |||
r-devel-windows-x86_64 | 1.3.4 | 8.00 | 63.00 | 71.00 | OK | |
r-patched-linux-x86_64 | 1.3.4 | 15.38 | 49.95 | 65.33 | OK | |
r-release-linux-x86_64 | 1.3.4 | 5.05 | 48.44 | 53.49 | OK | |
r-release-macos-arm64 | 1.3.4 | 34.00 | OK | |||
r-release-macos-x86_64 | 1.3.4 | 53.00 | OK | |||
r-release-windows-x86_64 | 1.3.4 | 9.00 | 67.00 | 76.00 | OK | |
r-oldrel-macos-arm64 | 1.3.4 | 25.00 | NOTE | |||
r-oldrel-macos-x86_64 | 1.3.4 | 43.00 | NOTE | |||
r-oldrel-windows-x86_64 | 1.3.4 | 9.00 | 68.00 | 77.00 | OK |
Version: 1.3.4
Check: dependencies in R code
Result: NOTE
Namespaces in Imports field not imported from:
‘editData’ ‘miniUI’
All declared Imports should be used.
Flavors: r-devel-linux-x86_64-fedora-clang, r-devel-linux-x86_64-fedora-gcc, r-oldrel-macos-arm64, r-oldrel-macos-x86_64