CRAN Package Check Results for Package SeqKat

Last updated on 2021-10-20 00:49:54 CEST.

Flavor Version Tinstall Tcheck Ttotal Status Flags
r-devel-linux-x86_64-debian-clang 0.0.8 31.15 45.97 77.12 OK
r-devel-linux-x86_64-debian-gcc 0.0.8 21.37 34.62 55.99 OK
r-devel-linux-x86_64-fedora-clang 0.0.8 122.29 OK
r-devel-linux-x86_64-fedora-gcc 0.0.8 99.06 OK
r-devel-windows-x86_64 0.0.8 49.00 84.00 133.00 NOTE
r-devel-windows-x86_64-gcc10-UCRT 0.0.8 NOTE
r-patched-linux-x86_64 0.0.8 29.88 44.34 74.22 OK
r-patched-solaris-x86 0.0.8 114.00 OK
r-release-linux-x86_64 0.0.8 26.11 45.27 71.38 OK
r-release-macos-arm64 0.0.8 OK
r-release-macos-x86_64 0.0.8 OK
r-release-windows-ix86+x86_64 0.0.8 64.00 109.00 173.00 NOTE
r-oldrel-macos-x86_64 0.0.8 OK
r-oldrel-windows-ix86+x86_64 0.0.8 92.00 123.00 215.00 NOTE

Check Details

Version: 0.0.8
Check: package dependencies
Result: NOTE
    Package suggested but not available for checking: 'doMC'
Flavors: r-devel-windows-x86_64, r-devel-windows-x86_64-gcc10-UCRT, r-release-windows-ix86+x86_64, r-oldrel-windows-ix86+x86_64