CRAN Package Check Results for Package ShellChron

Last updated on 2024-06-14 00:53:58 CEST.

Flavor Version Tinstall Tcheck Ttotal Status Flags
r-devel-linux-x86_64-debian-clang 0.4.0 4.59 53.38 57.97 NOTE
r-devel-linux-x86_64-debian-gcc 0.4.0 0.34 1.62 1.96 ERROR
r-devel-linux-x86_64-fedora-clang 0.4.0 75.67 NOTE
r-devel-linux-x86_64-fedora-gcc 0.4.0 69.92 NOTE
r-devel-windows-x86_64 0.4.0 6.00 63.00 69.00 NOTE
r-patched-linux-x86_64 0.4.0 4.18 52.15 56.33 NOTE
r-release-linux-x86_64 0.4.0 5.42 49.46 54.88 NOTE
r-release-macos-arm64 0.4.0 26.00 NOTE
r-release-macos-x86_64 0.4.0 36.00 NOTE
r-release-windows-x86_64 0.4.0 7.00 70.00 77.00 NOTE
r-oldrel-macos-arm64 0.4.0 26.00 OK
r-oldrel-macos-x86_64 0.4.0 38.00 OK
r-oldrel-windows-x86_64 0.4.0 7.00 68.00 75.00 OK

Check Details

Version: 0.4.0
Check: Rd files
Result: NOTE checkRd: (-1) age_corr.Rd:15: Lost braces 15 | \item{plot}{Should the results be plotted? (/code{TRUE/FALSE})} | ^ checkRd: (-1) age_corr.Rd:17: Lost braces 17 | \item{agecorrection}{Correct for jumps in age (/code{TRUE}) or | ^ checkRd: (-1) age_corr.Rd:18: Lost braces 18 | only for starting time (/code{FALSE})} | ^ Flavors: r-devel-linux-x86_64-debian-clang, r-devel-linux-x86_64-fedora-clang, r-devel-linux-x86_64-fedora-gcc, r-devel-windows-x86_64, r-patched-linux-x86_64, r-release-linux-x86_64, r-release-macos-arm64, r-release-macos-x86_64, r-release-windows-x86_64

Version: 0.4.0
Check: package dependencies
Result: ERROR Packages required but not available: 'ggplot2', 'ggpubr', 'tidyr', 'dplyr' See section ‘The DESCRIPTION file’ in the ‘Writing R Extensions’ manual. Flavor: r-devel-linux-x86_64-debian-gcc