Last updated on 2023-09-27 00:10:20 CEST.
Flavor | Version | Tinstall | Tcheck | Ttotal | Status | Flags |
---|---|---|---|---|---|---|
r-devel-linux-x86_64-debian-clang | 1.5.0 | 26.81 | 201.77 | 228.58 | OK | |
r-devel-linux-x86_64-debian-gcc | 1.5.0 | 18.46 | 147.94 | 166.40 | OK | |
r-devel-linux-x86_64-fedora-clang | 1.5.0 | 296.90 | OK | |||
r-devel-linux-x86_64-fedora-gcc | 1.5.0 | 291.35 | OK | |||
r-devel-windows-x86_64 | 1.5.0 | 22.00 | 172.00 | 194.00 | OK | |
r-patched-linux-x86_64 | 1.5.0 | 28.10 | 189.16 | 217.26 | OK | |
r-release-linux-x86_64 | 1.5.0 | 16.28 | 195.58 | 211.86 | OK | |
r-release-macos-arm64 | 1.5.0 | 73.00 | OK | |||
r-release-macos-x86_64 | 1.5.0 | 184.00 | NOTE | |||
r-release-windows-x86_64 | 1.5.0 | 30.00 | 208.00 | 238.00 | OK | |
r-oldrel-macos-arm64 | 1.5.0 | 70.00 | OK | |||
r-oldrel-macos-x86_64 | 1.5.0 | 103.00 | OK | |||
r-oldrel-windows-x86_64 | 1.5.0 | 30.00 | 184.00 | 214.00 | OK |
Version: 1.5.0
Check: installed package size
Result: NOTE
installed size is 5.3Mb
sub-directories of 1Mb or more:
ShinyItemAnalysis 2.3Mb
data 2.3Mb
Flavor: r-release-macos-x86_64