Last updated on 2023-09-24 00:56:53 CEST.
Flavor | Version | Tinstall | Tcheck | Ttotal | Status | Flags |
---|---|---|---|---|---|---|
r-devel-linux-x86_64-debian-clang | 1.10.6 | 42.34 | 335.52 | 377.86 | NOTE | |
r-devel-linux-x86_64-debian-gcc | 1.10.6 | 31.41 | 267.08 | 298.49 | NOTE | |
r-devel-linux-x86_64-fedora-clang | 1.10.6 | 454.71 | NOTE | |||
r-devel-linux-x86_64-fedora-gcc | 1.10.6 | 485.85 | NOTE | |||
r-devel-windows-x86_64 | 1.10.6 | 32.00 | 234.00 | 266.00 | OK | |
r-patched-linux-x86_64 | 1.10.6 | 31.84 | 314.69 | 346.53 | NOTE | |
r-release-linux-x86_64 | 1.10.6 | 26.83 | 317.37 | 344.20 | NOTE | |
r-release-macos-arm64 | 1.10.6 | 7.00 | ERROR | |||
r-release-macos-x86_64 | 1.10.6 | 8.00 | ERROR | |||
r-release-windows-x86_64 | 1.10.6 | 44.00 | 303.00 | 347.00 | OK | |
r-oldrel-macos-arm64 | 1.10.6 | 121.00 | OK | |||
r-oldrel-macos-x86_64 | 1.10.6 | 197.00 | OK | |||
r-oldrel-windows-x86_64 | 1.10.6 | 45.00 | 297.00 | 342.00 | OK |
Version: 1.10.6
Check: for non-standard things in the check directory
Result: NOTE
Found the following files/directories:
‘ExportFigtree1.tre’
Flavors: r-devel-linux-x86_64-debian-clang, r-devel-linux-x86_64-debian-gcc, r-devel-linux-x86_64-fedora-clang, r-devel-linux-x86_64-fedora-gcc, r-patched-linux-x86_64, r-release-linux-x86_64
Version: 1.10.6
Check: package dependencies
Result: ERROR
Package required but not available: ‘phyloseq’
See section ‘The DESCRIPTION file’ in the ‘Writing R Extensions’
manual.
Flavors: r-release-macos-arm64, r-release-macos-x86_64