Last updated on 2023-09-26 01:06:35 CEST.
Flavor | Version | Tinstall | Tcheck | Ttotal | Status | Flags |
---|---|---|---|---|---|---|
r-devel-linux-x86_64-debian-clang | 2.12 | 13.08 | 141.49 | 154.57 | OK | |
r-devel-linux-x86_64-debian-gcc | 2.12 | 10.35 | 103.93 | 114.28 | OK | |
r-devel-linux-x86_64-fedora-clang | 2.12 | 186.62 | NOTE | |||
r-devel-linux-x86_64-fedora-gcc | 2.12 | 202.96 | OK | |||
r-devel-windows-x86_64 | 2.12 | 14.00 | 136.00 | 150.00 | NOTE | |
r-patched-linux-x86_64 | 2.12 | 21.46 | 127.24 | 148.70 | OK | |
r-release-linux-x86_64 | 2.12 | 9.76 | 132.70 | 142.46 | OK | |
r-release-macos-arm64 | 2.12 | 60.00 | NOTE | |||
r-release-macos-x86_64 | 2.12 | 137.00 | NOTE | |||
r-release-windows-x86_64 | 2.12 | 18.00 | 163.00 | 181.00 | NOTE | |
r-oldrel-macos-arm64 | 2.12 | 49.00 | NOTE | |||
r-oldrel-macos-x86_64 | 2.12 | 77.00 | NOTE | |||
r-oldrel-windows-x86_64 | 2.12 | 18.00 | 151.00 | 169.00 | NOTE |
Version: 2.12
Check: installed package size
Result: NOTE
installed size is 5.9Mb
sub-directories of 1Mb or more:
doc 5.2Mb
Flavors: r-devel-linux-x86_64-fedora-clang, r-devel-windows-x86_64, r-release-macos-arm64, r-release-macos-x86_64, r-release-windows-x86_64, r-oldrel-macos-arm64, r-oldrel-macos-x86_64, r-oldrel-windows-x86_64
Version: 2.12
Check: package dependencies
Result: NOTE
Package suggested but not available for checking: ‘doMPI’
Flavors: r-release-macos-arm64, r-release-macos-x86_64, r-oldrel-macos-arm64, r-oldrel-macos-x86_64