CRAN Package Check Results for Package SimRVPedigree

Last updated on 2021-10-22 00:50:41 CEST.

Flavor Version Tinstall Tcheck Ttotal Status Flags
r-devel-linux-x86_64-debian-clang 0.4.4 8.77 329.48 338.25 OK
r-devel-linux-x86_64-debian-gcc 0.4.4 7.53 212.15 219.68 OK
r-devel-linux-x86_64-fedora-clang 0.4.4 408.46 NOTE
r-devel-linux-x86_64-fedora-gcc 0.4.4 385.88 NOTE
r-devel-windows-x86_64 0.4.4 13.00 355.00 368.00 OK
r-devel-windows-x86_64-gcc10-UCRT 0.4.4 NOTE
r-patched-linux-x86_64 0.4.4 14.20 314.90 329.10 OK
r-patched-solaris-x86 0.4.4 205.40 NOTE
r-release-linux-x86_64 0.4.4 9.04 284.35 293.39 OK
r-release-macos-arm64 0.4.4 NOTE
r-release-macos-x86_64 0.4.4 NOTE
r-release-windows-ix86+x86_64 0.4.4 13.00 405.00 418.00 OK
r-oldrel-macos-x86_64 0.4.4 NOTE
r-oldrel-windows-ix86+x86_64 0.4.4 23.00 365.00 388.00 OK

Check Details

Version: 0.4.4
Check: dependencies in R code
Result: NOTE
    Namespace in Imports field not imported from: ‘dplyr’
     All declared Imports should be used.
Flavors: r-devel-linux-x86_64-fedora-clang, r-devel-linux-x86_64-fedora-gcc, r-devel-windows-x86_64-gcc10-UCRT, r-patched-solaris-x86, r-release-macos-arm64, r-release-macos-x86_64, r-oldrel-macos-x86_64