Last updated on 2023-04-01 00:53:12 CEST.
Flavor | Version | Tinstall | Tcheck | Ttotal | Status | Flags |
---|---|---|---|---|---|---|
r-devel-linux-x86_64-debian-clang | 0.1.5 | 39.99 | 372.93 | 412.92 | NOTE | |
r-devel-linux-x86_64-debian-gcc | 0.1.5 | 30.58 | 270.73 | 301.31 | NOTE | |
r-devel-linux-x86_64-fedora-clang | 0.1.5 | 2383.12 | ERROR | |||
r-devel-linux-x86_64-fedora-gcc | 0.1.5 | 512.32 | OK | |||
r-devel-windows-x86_64 | 0.1.5 | 63.00 | 370.00 | 433.00 | NOTE | |
r-patched-linux-x86_64 | 0.1.5 | 36.06 | 338.80 | 374.86 | NOTE | |
r-release-linux-x86_64 | 0.1.5 | 25.96 | 342.90 | 368.86 | NOTE | |
r-release-macos-arm64 | 0.1.5 | 95.00 | NOTE | |||
r-release-macos-x86_64 | 0.1.5 | 168.00 | NOTE | |||
r-release-windows-x86_64 | 0.1.5 | 41.00 | 360.00 | 401.00 | NOTE | |
r-oldrel-macos-arm64 | 0.1.5 | 92.00 | NOTE | |||
r-oldrel-macos-x86_64 | 0.1.5 | 126.00 | NOTE | |||
r-oldrel-windows-ix86+x86_64 | 0.1.5 | 77.00 | 364.00 | 441.00 | OK |
Version: 0.1.5
Check: package dependencies
Result: NOTE
Package suggested but not available for checking: ‘INLA’
Flavors: r-devel-linux-x86_64-debian-clang, r-devel-linux-x86_64-debian-gcc, r-devel-windows-x86_64, r-patched-linux-x86_64, r-release-linux-x86_64, r-release-macos-arm64, r-release-macos-x86_64, r-release-windows-x86_64, r-oldrel-macos-arm64, r-oldrel-macos-x86_64
Version: 0.1.5
Check: examples
Result: ERROR
Running examples in ‘SimSurvey-Ex.R’ failed
The error most likely occurred in:
> ### Name: run_strat
> ### Title: Run stratified analysis on simulated data
> ### Aliases: run_strat
>
> ### ** Examples
>
>
> sim <- sim_abundance(ages = 1:5, years = 1:5,
+ R = sim_R(log_mean = log(1e+7)),
+ growth = sim_vonB(length_group = 1)) %>%
+ sim_distribution(grid = make_grid(res = c(12, 12)),
+ ays_covar = sim_ays_covar(sd = 1)) %>%
+ sim_survey(n_sims = 1, q = sim_logistic(k = 2, x0 = 3)) %>%
+ run_strat()
OMP: Warning #96: Cannot form a team with 16 threads, using 2 instead.
OMP: Hint Consider unsetting KMP_DEVICE_THREAD_LIMIT (KMP_ALL_THREADS), KMP_TEAMS_THREAD_LIMIT, and OMP_THREAD_LIMIT (if any are set).
Flavor: r-devel-linux-x86_64-fedora-clang