CRAN Package Check Results for Package SimVitD

Last updated on 2021-10-20 00:49:55 CEST.

Flavor Version Tinstall Tcheck Ttotal Status Flags
r-devel-linux-x86_64-debian-clang 1.0 3.69 33.47 37.16 NOTE
r-devel-linux-x86_64-debian-gcc 1.0 2.75 25.57 28.32 NOTE
r-devel-linux-x86_64-fedora-clang 1.0 54.45 NOTE
r-devel-linux-x86_64-fedora-gcc 1.0 44.01 NOTE
r-devel-windows-x86_64 1.0 7.00 51.00 58.00 NOTE
r-devel-windows-x86_64-gcc10-UCRT 1.0 NOTE
r-patched-linux-x86_64 1.0 3.90 32.19 36.09 NOTE
r-patched-solaris-x86 1.0 63.70 NOTE
r-release-linux-x86_64 1.0 3.62 32.85 36.47 NOTE
r-release-macos-arm64 1.0 NOTE
r-release-macos-x86_64 1.0 NOTE
r-release-windows-ix86+x86_64 1.0 6.00 49.00 55.00 NOTE
r-oldrel-macos-x86_64 1.0 OK
r-oldrel-windows-ix86+x86_64 1.0 8.00 50.00 58.00 OK

Check Details

Version: 1.0
Check: LazyData
Result: NOTE
     'LazyData' is specified without a 'data' directory
Flavors: r-devel-linux-x86_64-debian-clang, r-devel-linux-x86_64-debian-gcc, r-devel-linux-x86_64-fedora-clang, r-devel-linux-x86_64-fedora-gcc, r-devel-windows-x86_64, r-devel-windows-x86_64-gcc10-UCRT, r-patched-linux-x86_64, r-patched-solaris-x86, r-release-linux-x86_64, r-release-macos-arm64, r-release-macos-x86_64, r-release-windows-ix86+x86_64