CRAN Package Check Results for Package SkeweDF

Last updated on 2021-10-28 00:49:00 CEST.

Flavor Version Tinstall Tcheck Ttotal Status Flags
r-devel-linux-x86_64-debian-clang 0.1.0 34.81 54.30 89.11 NOTE
r-devel-linux-x86_64-debian-gcc 0.1.0 24.00 40.38 64.38 NOTE
r-devel-linux-x86_64-fedora-clang 0.1.0 135.52 NOTE
r-devel-linux-x86_64-fedora-gcc 0.1.0 110.26 NOTE
r-devel-windows-x86_64 0.1.0 48.00 84.00 132.00 NOTE
r-devel-windows-x86_64-gcc10-UCRT 0.1.0 NOTE
r-patched-linux-x86_64 0.1.0 31.01 51.09 82.10 NOTE
r-patched-solaris-x86 0.1.0 133.50 NOTE
r-release-linux-x86_64 0.1.0 30.77 50.18 80.95 NOTE
r-release-macos-arm64 0.1.0 NOTE
r-release-macos-x86_64 0.1.0 NOTE
r-release-windows-ix86+x86_64 0.1.0 66.00 101.00 167.00 NOTE
r-oldrel-macos-x86_64 0.1.0 OK
r-oldrel-windows-ix86+x86_64 0.1.0 64.00 106.00 170.00 OK

Check Details

Version: 0.1.0
Check: LazyData
Result: NOTE
     'LazyData' is specified without a 'data' directory
Flavors: r-devel-linux-x86_64-debian-clang, r-devel-linux-x86_64-debian-gcc, r-devel-linux-x86_64-fedora-clang, r-devel-linux-x86_64-fedora-gcc, r-devel-windows-x86_64, r-devel-windows-x86_64-gcc10-UCRT, r-patched-linux-x86_64, r-patched-solaris-x86, r-release-linux-x86_64, r-release-macos-arm64, r-release-macos-x86_64, r-release-windows-ix86+x86_64