CRAN Package Check Results for Package Sleuth2

Last updated on 2024-06-14 00:53:59 CEST.

Flavor Version Tinstall Tcheck Ttotal Status Flags
r-devel-linux-x86_64-debian-clang 2.0-7 6.08 276.33 282.41 OK
r-devel-linux-x86_64-debian-gcc 2.0-7 3.87 52.40 56.27 ERROR
r-devel-linux-x86_64-fedora-clang 2.0-7 360.54 NOTE
r-devel-linux-x86_64-fedora-gcc 2.0-7 355.43 OK
r-devel-windows-x86_64 2.0-7 6.00 387.00 393.00 NOTE
r-patched-linux-x86_64 2.0-7 7.57 270.06 277.63 OK
r-release-linux-x86_64 2.0-7 4.72 262.63 267.35 OK
r-release-macos-arm64 2.0-7 114.00 NOTE
r-release-macos-x86_64 2.0-7 185.00 WARN
r-release-windows-x86_64 2.0-7 7.00 387.00 394.00 NOTE
r-oldrel-macos-arm64 2.0-7 128.00 NOTE
r-oldrel-macos-x86_64 2.0-7 375.00 NOTE
r-oldrel-windows-x86_64 2.0-7 7.00 405.00 412.00 NOTE

Check Details

Version: 2.0-7
Check: package dependencies
Result: NOTE Packages suggested but not available for checking: 'car', 'mosaic' Flavor: r-devel-linux-x86_64-debian-gcc

Version: 2.0-7
Check: re-building of vignette outputs
Result: ERROR Error(s) in re-building vignettes: ... --- re-building ‘chapter01-HortonMosaic.Rnw’ using knitr Quitting from lines 130-145 [setup2] (chapter01-HortonMosaic.Rnw) Error: processing vignette 'chapter01-HortonMosaic.Rnw' failed with diagnostics: could not find function "trellis.par.set" --- failed re-building ‘chapter01-HortonMosaic.Rnw’ --- re-building ‘chapter02-HortonMosaic.Rnw’ using knitr Quitting from lines 129-144 [setup] (chapter02-HortonMosaic.Rnw) Error: processing vignette 'chapter02-HortonMosaic.Rnw' failed with diagnostics: could not find function "trellis.par.set" --- failed re-building ‘chapter02-HortonMosaic.Rnw’ --- re-building ‘chapter03-HortonMosaic.Rnw’ using knitr Quitting from lines 129-144 [setup] (chapter03-HortonMosaic.Rnw) Error: processing vignette 'chapter03-HortonMosaic.Rnw' failed with diagnostics: could not find function "trellis.par.set" --- failed re-building ‘chapter03-HortonMosaic.Rnw’ --- re-building ‘chapter04-HortonMosaic.Rnw’ using knitr Quitting from lines 129-144 [setup] (chapter04-HortonMosaic.Rnw) Error: processing vignette 'chapter04-HortonMosaic.Rnw' failed with diagnostics: could not find function "trellis.par.set" --- failed re-building ‘chapter04-HortonMosaic.Rnw’ --- re-building ‘chapter05-HortonMosaic.Rnw’ using knitr Quitting from lines 129-144 [setup] (chapter05-HortonMosaic.Rnw) Error: processing vignette 'chapter05-HortonMosaic.Rnw' failed with diagnostics: could not find function "trellis.par.set" --- failed re-building ‘chapter05-HortonMosaic.Rnw’ --- re-building ‘chapter06-HortonMosaic.Rnw’ using knitr Quitting from lines 129-144 [setup] (chapter06-HortonMosaic.Rnw) Error: processing vignette 'chapter06-HortonMosaic.Rnw' failed with diagnostics: could not find function "trellis.par.set" --- failed re-building ‘chapter06-HortonMosaic.Rnw’ --- re-building ‘chapter07-HortonMosaic.Rnw’ using knitr Quitting from lines 122-149 [setup] (chapter07-HortonMosaic.Rnw) Error: processing vignette 'chapter07-HortonMosaic.Rnw' failed with diagnostics: could not find function "trellis.par.set" --- failed re-building ‘chapter07-HortonMosaic.Rnw’ --- re-building ‘chapter08-HortonMosaic.Rnw’ using knitr Quitting from lines 132-147 [setup] (chapter08-HortonMosaic.Rnw) Error: processing vignette 'chapter08-HortonMosaic.Rnw' failed with diagnostics: could not find function "trellis.par.set" --- failed re-building ‘chapter08-HortonMosaic.Rnw’ --- re-building ‘chapter09-HortonMosaic.Rnw’ using knitr Quitting from lines 130-145 [setup] (chapter09-HortonMosaic.Rnw) Error: processing vignette 'chapter09-HortonMosaic.Rnw' failed with diagnostics: could not find function "trellis.par.set" --- failed re-building ‘chapter09-HortonMosaic.Rnw’ --- re-building ‘chapter10-HortonMosaic.Rnw’ using knitr Quitting from lines 130-145 [setup] (chapter10-HortonMosaic.Rnw) Error: processing vignette 'chapter10-HortonMosaic.Rnw' failed with diagnostics: could not find function "trellis.par.set" --- failed re-building ‘chapter10-HortonMosaic.Rnw’ --- re-building ‘chapter11-HortonMosaic.Rnw’ using knitr Quitting from lines 130-145 [setup] (chapter11-HortonMosaic.Rnw) Error: processing vignette 'chapter11-HortonMosaic.Rnw' failed with diagnostics: could not find function "trellis.par.set" --- failed re-building ‘chapter11-HortonMosaic.Rnw’ --- re-building ‘chapter12-HortonMosaic.Rnw’ using knitr Quitting from lines 104-133 [setup0] (chapter12-HortonMosaic.Rnw) Error: processing vignette 'chapter12-HortonMosaic.Rnw' failed with diagnostics: could not find function "trellis.par.set" --- failed re-building ‘chapter12-HortonMosaic.Rnw’ --- re-building ‘chapter13-HortonMosaic.Rnw’ using knitr Quitting from lines 130-145 [setup] (chapter13-HortonMosaic.Rnw) Error: processing vignette 'chapter13-HortonMosaic.Rnw' failed with diagnostics: could not find function "trellis.par.set" --- failed re-building ‘chapter13-HortonMosaic.Rnw’ SUMMARY: processing the following files failed: ‘chapter01-HortonMosaic.Rnw’ ‘chapter02-HortonMosaic.Rnw’ ‘chapter03-HortonMosaic.Rnw’ ‘chapter04-HortonMosaic.Rnw’ ‘chapter05-HortonMosaic.Rnw’ ‘chapter06-HortonMosaic.Rnw’ ‘chapter07-HortonMosaic.Rnw’ ‘chapter08-HortonMosaic.Rnw’ ‘chapter09-HortonMosaic.Rnw’ ‘chapter10-HortonMosaic.Rnw’ ‘chapter11-HortonMosaic.Rnw’ ‘chapter12-HortonMosaic.Rnw’ ‘chapter13-HortonMosaic.Rnw’ Error: Vignette re-building failed. Execution halted Flavor: r-devel-linux-x86_64-debian-gcc

Version: 2.0-7
Check: installed package size
Result: NOTE installed size is 5.1Mb sub-directories of 1Mb or more: doc 4.4Mb Flavors: r-devel-linux-x86_64-fedora-clang, r-devel-windows-x86_64, r-release-macos-arm64, r-release-macos-x86_64, r-release-windows-x86_64, r-oldrel-macos-arm64, r-oldrel-macos-x86_64, r-oldrel-windows-x86_64

Version: 2.0-7
Check: re-building of vignette outputs
Result: WARN Error(s) in re-building vignettes: --- re-building ‘chapter01-HortonMosaic.Rnw’ using knitr Error: processing vignette 'chapter01-HortonMosaic.Rnw' failed with diagnostics: Running 'texi2dvi' on 'chapter01-HortonMosaic.tex' failed. LaTeX errors: ! Undefined control sequence. l.174 \hldef {> }\hlkwd{install.packages}\hldef{(}\hlsng{'mosaic'}\hldef{)} ... ? ! Emergency stop. l.174 End of file on the terminal! ! ==> Fatal error occurred, no output PDF file produced! --- failed re-building ‘chapter01-HortonMosaic.Rnw’ --- re-building ‘chapter02-HortonMosaic.Rnw’ using knitr Error: processing vignette 'chapter02-HortonMosaic.Rnw' failed with diagnostics: Running 'texi2dvi' on 'chapter02-HortonMosaic.tex' failed. LaTeX errors: ! Undefined control sequence. l.175 \hldef {> }\hlkwd{install.packages}\hldef{(}\hlsng{'mosaic'}\hldef{)} ... ? ! Emergency stop. l.175 End of file on the terminal! ! ==> Fatal error occurred, no output PDF file produced! --- failed re-building ‘chapter02-HortonMosaic.Rnw’ --- re-building ‘chapter03-HortonMosaic.Rnw’ using knitr Error: processing vignette 'chapter03-HortonMosaic.Rnw' failed with diagnostics: Running 'texi2dvi' on 'chapter03-HortonMosaic.tex' failed. LaTeX errors: ! Undefined control sequence. l.175 \hldef {> }\hlkwd{install.packages}\hldef{(}\hlsng{'mosaic'}\hldef{)} ... ? ! Emergency stop. l.175 End of file on the terminal! ! ==> Fatal error occurred, no output PDF file produced! --- failed re-building ‘chapter03-HortonMosaic.Rnw’ --- re-building ‘chapter04-HortonMosaic.Rnw’ using knitr Warning in wilcox.test.default(x = DATA[[1L]], y = DATA[[2L]], ...) : cannot compute exact p-value with ties Warning in wilcox.test.default(x = DATA[[1L]], y = DATA[[2L]], ...) : cannot compute exact confidence intervals with ties Warning in wilcox.test.default(x = DATA[[1L]], y = DATA[[2L]], ...) : cannot compute exact p-value with ties Warning in wilcox.test.default(x = DATA[[1L]], y = DATA[[2L]], ...) : cannot compute exact confidence intervals with ties Warning in wilcox.test.default(x = DATA[[1L]], y = DATA[[2L]], ...) : cannot compute exact p-value with ties Warning in wilcox.test.default(x = DATA[[1L]], y = DATA[[2L]], ...) : cannot compute exact confidence intervals with ties Error: processing vignette 'chapter04-HortonMosaic.Rnw' failed with diagnostics: Running 'texi2dvi' on 'chapter04-HortonMosaic.tex' failed. LaTeX errors: ! Undefined control sequence. l.175 \hldef {> }\hlkwd{install.packages}\hldef{(}\hlsng{'mosaic'}\hldef{)} ... ? ! Emergency stop. l.175 End of file on the terminal! ! ==> Fatal error occurred, no output PDF file produced! --- failed re-building ‘chapter04-HortonMosaic.Rnw’ --- re-building ‘chapter05-HortonMosaic.Rnw’ using knitr Error: processing vignette 'chapter05-HortonMosaic.Rnw' failed with diagnostics: Running 'texi2dvi' on 'chapter05-HortonMosaic.tex' failed. LaTeX errors: ! Undefined control sequence. l.175 \hldef {> }\hlkwd{install.packages}\hldef{(}\hlsng{'mosaic'}\hldef{)} ... ? ! Emergency stop. l.175 End of file on the terminal! ! ==> Fatal error occurred, no output PDF file produced! --- failed re-building ‘chapter05-HortonMosaic.Rnw’ --- re-building ‘chapter06-HortonMosaic.Rnw’ using knitr Error: processing vignette 'chapter06-HortonMosaic.Rnw' failed with diagnostics: Running 'texi2dvi' on 'chapter06-HortonMosaic.tex' failed. LaTeX errors: ! Undefined control sequence. l.174 \hldef {> }\hlkwd{install.packages}\hldef{(}\hlsng{'mosaic'}\hldef{)} ... ? ! Emergency stop. l.174 End of file on the terminal! ! ==> Fatal error occurred, no output PDF file produced! --- failed re-building ‘chapter06-HortonMosaic.Rnw’ --- re-building ‘chapter07-HortonMosaic.Rnw’ using knitr Error: processing vignette 'chapter07-HortonMosaic.Rnw' failed with diagnostics: Running 'texi2dvi' on 'chapter07-HortonMosaic.tex' failed. LaTeX errors: ! Undefined control sequence. l.175 \hldef {> }\hlkwd{install.packages}\hldef{(}\hlsng{'mosaic'}\hldef{)} ... ? ! Emergency stop. l.175 End of file on the terminal! ! ==> Fatal error occurred, no output PDF file produced! --- failed re-building ‘chapter07-HortonMosaic.Rnw’ --- re-building ‘chapter08-HortonMosaic.Rnw’ using knitr Error: processing vignette 'chapter08-HortonMosaic.Rnw' failed with diagnostics: Running 'texi2dvi' on 'chapter08-HortonMosaic.tex' failed. LaTeX errors: ! Undefined control sequence. l.176 \hldef {> }\hlkwd{install.packages}\hldef{(}\hlsng{'mosaic'}\hldef{)} ... ? ! Emergency stop. l.176 End of file on the terminal! ! ==> Fatal error occurred, no output PDF file produced! --- failed re-building ‘chapter08-HortonMosaic.Rnw’ --- re-building ‘chapter09-HortonMosaic.Rnw’ using knitr Error: processing vignette 'chapter09-HortonMosaic.Rnw' failed with diagnostics: Running 'texi2dvi' on 'chapter09-HortonMosaic.tex' failed. LaTeX errors: ! Undefined control sequence. l.176 \hldef {> }\hlkwd{install.packages}\hldef{(}\hlsng{'mosaic'}\hldef{)} ... ? ! Emergency stop. l.176 End of file on the terminal! ! ==> Fatal error occurred, no output PDF file produced! --- failed re-building ‘chapter09-HortonMosaic.Rnw’ --- re-building ‘chapter10-HortonMosaic.Rnw’ using knitr Error: processing vignette 'chapter10-HortonMosaic.Rnw' failed with diagnostics: Running 'texi2dvi' on 'chapter10-HortonMosaic.tex' failed. LaTeX errors: ! Undefined control sequence. l.176 \hldef {> }\hlkwd{install.packages}\hldef{(}\hlsng{'mosaic'}\hldef{)} ... ? ! Emergency stop. l.176 End of file on the terminal! ! ==> Fatal error occurred, no output PDF file produced! --- failed re-building ‘chapter10-HortonMosaic.Rnw’ --- re-building ‘chapter11-HortonMosaic.Rnw’ using knitr Error: processing vignette 'chapter11-HortonMosaic.Rnw' failed with diagnostics: Running 'texi2dvi' on 'chapter11-HortonMosaic.tex' failed. LaTeX errors: ! Undefined control sequence. l.176 \hldef {> }\hlkwd{install.packages}\hldef{(}\hlsng{'mosaic'}\hldef{)} ... ? ! Emergency stop. l.176 End of file on the terminal! ! ==> Fatal error occurred, no output PDF file produced! --- failed re-building ‘chapter11-HortonMosaic.Rnw’ --- re-building ‘chapter12-HortonMosaic.Rnw’ using knitr Error: processing vignette 'chapter12-HortonMosaic.Rnw' failed with diagnostics: Running 'texi2dvi' on 'chapter12-HortonMosaic.tex' failed. LaTeX errors: ! Undefined control sequence. l.172 \hldef {> }\hlkwd{install.packages}\hldef{(}\hlsng{'mosaic'}\hldef{)} ... ? ! Emergency stop. l.172 End of file on the terminal! ! ==> Fatal error occurred, no output PDF file produced! --- failed re-building ‘chapter12-HortonMosaic.Rnw’ --- re-building ‘chapter13-HortonMosaic.Rnw’ using knitr Error: processing vignette 'chapter13-HortonMosaic.Rnw' failed with diagnostics: Running 'texi2dvi' on 'chapter13-HortonMosaic.tex' failed. LaTeX errors: ! Undefined control sequence. l.176 \hldef {> }\hlkwd{install.packages}\hldef{(}\hlsng{'mosaic'}\hldef{)} ... ? ! Emergency stop. l.176 End of file on the terminal! ! ==> Fatal error occurred, no output PDF file produced! --- failed re-building ‘chapter13-HortonMosaic.Rnw’ SUMMARY: processing the following files failed: ‘chapter01-HortonMosaic.Rnw’ ‘chapter02-HortonMosaic.Rnw’ ‘chapter03-HortonMosaic.Rnw’ ‘chapter04-HortonMosaic.Rnw’ ‘chapter05-HortonMosaic.Rnw’ ‘chapter06-HortonMosaic.Rnw’ ‘chapter07-HortonMosaic.Rnw’ ‘chapter08-HortonMosaic.Rnw’ ‘chapter09-HortonMosaic.Rnw’ ‘chapter10-HortonMosaic.Rnw’ ‘chapter11-HortonMosaic.Rnw’ ‘chapter12-HortonMosaic.Rnw’ ‘chapter13-HortonMosaic.Rnw’ Error: Vignette re-building failed. Execution halted Flavor: r-release-macos-x86_64