Last updated on 2023-06-09 00:54:35 CEST.
Flavor | Version | Tinstall | Tcheck | Ttotal | Status | Flags |
---|---|---|---|---|---|---|
r-devel-linux-x86_64-debian-clang | 2.0-5 | 5.14 | 266.91 | 272.05 | NOTE | |
r-devel-linux-x86_64-debian-gcc | 2.0-5 | 3.92 | 205.47 | 209.39 | NOTE | |
r-devel-linux-x86_64-fedora-clang | 2.0-5 | 369.83 | NOTE | |||
r-devel-linux-x86_64-fedora-gcc | 2.0-5 | 363.68 | NOTE | |||
r-devel-windows-x86_64 | 2.0-5 | 11.00 | 442.00 | 453.00 | NOTE | |
r-patched-linux-x86_64 | 2.0-5 | 6.56 | 257.00 | 263.56 | NOTE | |
r-release-linux-x86_64 | 2.0-5 | 4.13 | 254.55 | 258.68 | NOTE | |
r-release-macos-arm64 | 2.0-5 | 129.00 | NOTE | |||
r-release-macos-x86_64 | 2.0-5 | 288.00 | NOTE | |||
r-release-windows-x86_64 | 2.0-5 | 7.00 | 415.00 | 422.00 | NOTE | |
r-oldrel-macos-arm64 | 2.0-5 | 104.00 | OK | |||
r-oldrel-macos-x86_64 | 2.0-5 | 119.00 | OK | |||
r-oldrel-windows-x86_64 | 2.0-5 | 8.00 | 410.00 | 418.00 | OK |
Version: 2.0-5
Check: Rd files
Result: NOTE
checkRd: (-1) ex0723.Rd:29: Escaped LaTeX specials: \&
checkRd: (-1) ex0915.Rd:25: Escaped LaTeX specials: \&
checkRd: (-1) ex1515.Rd:4: Escaped LaTeX specials: \&
Flavors: r-devel-linux-x86_64-debian-clang, r-devel-linux-x86_64-debian-gcc, r-devel-linux-x86_64-fedora-clang, r-devel-linux-x86_64-fedora-gcc, r-devel-windows-x86_64, r-patched-linux-x86_64, r-release-linux-x86_64, r-release-macos-arm64, r-release-macos-x86_64, r-release-windows-x86_64