Last updated on 2023-11-29 00:50:34 CET.
Flavor | Version | Tinstall | Tcheck | Ttotal | Status | Flags |
---|---|---|---|---|---|---|
r-devel-linux-x86_64-debian-clang | 0.3.9 | 11.78 | 189.97 | 201.75 | NOTE | |
r-devel-linux-x86_64-debian-gcc | 0.3.9 | 7.24 | 137.70 | 144.94 | NOTE | |
r-devel-linux-x86_64-fedora-clang | 0.3.9 | 240.30 | NOTE | |||
r-devel-linux-x86_64-fedora-gcc | 0.3.9 | 234.37 | NOTE | |||
r-devel-windows-x86_64 | 0.3.9 | 11.00 | 155.00 | 166.00 | NOTE | |
r-patched-linux-x86_64 | 0.3.9 | 9.95 | 171.67 | 181.62 | NOTE | |
r-release-linux-x86_64 | 0.3.9 | 7.01 | 170.44 | 177.45 | NOTE | |
r-release-macos-arm64 | 0.3.9 | 80.00 | NOTE | |||
r-release-macos-x86_64 | 0.3.9 | 124.00 | NOTE | |||
r-release-windows-x86_64 | 0.3.9 | 14.00 | 183.00 | 197.00 | NOTE | |
r-oldrel-macos-arm64 | 0.3.9 | 78.00 | NOTE | |||
r-oldrel-macos-x86_64 | 0.3.9 | 101.00 | NOTE | |||
r-oldrel-windows-x86_64 | 0.3.9 | 14.00 | 189.00 | 203.00 | NOTE |
Version: 0.3.9
Check: Rd cross-references
Result: NOTE
Unknown package ‘InformationValue’ in Rd xrefs
Flavors: r-devel-linux-x86_64-debian-clang, r-devel-linux-x86_64-debian-gcc, r-devel-linux-x86_64-fedora-gcc, r-devel-windows-x86_64, r-patched-linux-x86_64, r-release-linux-x86_64, r-release-macos-arm64, r-release-macos-x86_64, r-release-windows-x86_64, r-oldrel-windows-x86_64
Version: 0.3.9
Check: dependencies in R code
Result: NOTE
Namespace in Imports field not imported from: ‘qpdf’
All declared Imports should be used.
Flavors: r-devel-linux-x86_64-fedora-clang, r-devel-linux-x86_64-fedora-gcc, r-oldrel-macos-arm64, r-oldrel-macos-x86_64
Version: 0.3.9
Check: Rd cross-references
Result: NOTE
Undeclared packages ‘InformationValue’, ‘ggthemes’, ‘DataExplorer’ in Rd xrefs
Unknown package ‘InformationValue’ in Rd xrefs
Flavor: r-devel-linux-x86_64-fedora-clang