CRAN Package Check Results for Package SpaDES.tools

Last updated on 2021-10-22 00:50:41 CEST.

Flavor Version Tinstall Tcheck Ttotal Status Flags
r-devel-linux-x86_64-debian-clang 0.3.9 56.07 398.31 454.38 OK
r-devel-linux-x86_64-debian-gcc 0.3.9 44.97 284.80 329.77 OK
r-devel-linux-x86_64-fedora-clang 0.3.9 571.13 OK
r-devel-linux-x86_64-fedora-gcc 0.3.9 573.80 OK
r-devel-windows-x86_64 0.3.9 91.00 426.00 517.00 OK
r-devel-windows-x86_64-gcc10-UCRT 0.3.9 ERROR
r-patched-linux-x86_64 0.3.9 62.45 364.96 427.41 OK
r-patched-solaris-x86 0.3.9 625.40 OK
r-release-linux-x86_64 0.3.9 44.13 363.98 408.11 OK
r-release-macos-arm64 0.3.9 OK
r-release-macos-x86_64 0.3.9 OK
r-release-windows-ix86+x86_64 0.3.9 97.00 644.00 741.00 OK
r-oldrel-macos-x86_64 0.3.9 OK
r-oldrel-windows-ix86+x86_64 0.3.9 100.00 447.00 547.00 OK

Check Details

Version: 0.3.9
Check: package dependencies
Result: ERROR
    Package required but not available: 'quickPlot'
    
    See section 'The DESCRIPTION file' in the 'Writing R Extensions'
    manual.
Flavor: r-devel-windows-x86_64-gcc10-UCRT