CRAN Package Check Results for Package SparseGrid

Last updated on 2021-10-24 00:51:13 CEST.

Flavor Version Tinstall Tcheck Ttotal Status Flags
r-devel-linux-x86_64-debian-clang 0.8.2 2.35 50.12 52.47 NOTE
r-devel-linux-x86_64-debian-gcc 0.8.2 2.06 35.94 38.00 NOTE
r-devel-linux-x86_64-fedora-clang 0.8.2 76.30 NOTE
r-devel-linux-x86_64-fedora-gcc 0.8.2 65.22 NOTE
r-devel-windows-x86_64 0.8.2 5.00 73.00 78.00 NOTE
r-devel-windows-x86_64-gcc10-UCRT 0.8.2 NOTE
r-patched-linux-x86_64 0.8.2 3.08 48.48 51.56 NOTE
r-patched-solaris-x86 0.8.2 88.20 NOTE
r-release-linux-x86_64 0.8.2 2.42 48.85 51.27 NOTE
r-release-macos-arm64 0.8.2 NOTE
r-release-macos-x86_64 0.8.2 NOTE
r-release-windows-ix86+x86_64 0.8.2 4.00 77.00 81.00 NOTE
r-oldrel-macos-x86_64 0.8.2 NOTE
r-oldrel-windows-ix86+x86_64 0.8.2 6.00 85.00 91.00 NOTE

Check Details

Version: 0.8.2
Check: DESCRIPTION meta-information
Result: NOTE
    Malformed Description field: should contain one or more complete sentences.
Flavors: r-devel-linux-x86_64-debian-clang, r-devel-linux-x86_64-debian-gcc, r-devel-linux-x86_64-fedora-clang, r-devel-linux-x86_64-fedora-gcc, r-devel-windows-x86_64, r-devel-windows-x86_64-gcc10-UCRT, r-patched-linux-x86_64, r-patched-solaris-x86, r-release-linux-x86_64, r-release-macos-arm64, r-release-macos-x86_64, r-release-windows-ix86+x86_64, r-oldrel-macos-x86_64, r-oldrel-windows-ix86+x86_64