CRAN Package Check Results for Package SparseMDC

Last updated on 2024-06-20 00:59:47 CEST.

Flavor Version Tinstall Tcheck Ttotal Status Flags
r-devel-linux-x86_64-debian-clang 0.99.5 5.96 99.62 105.58 NOTE
r-devel-linux-x86_64-debian-gcc 0.99.5 3.70 77.88 81.58 NOTE
r-devel-linux-x86_64-fedora-clang 0.99.5 130.45 NOTE
r-devel-linux-x86_64-fedora-gcc 0.99.5 148.50 NOTE
r-devel-windows-x86_64 0.99.5 5.00 144.00 149.00 NOTE
r-patched-linux-x86_64 0.99.5 4.11 100.12 104.23 NOTE
r-release-linux-x86_64 0.99.5 4.69 100.01 104.70 NOTE
r-release-macos-arm64 0.99.5 58.00 NOTE
r-release-macos-x86_64 0.99.5 176.00 NOTE
r-release-windows-x86_64 0.99.5 5.00 146.00 151.00 NOTE
r-oldrel-macos-arm64 0.99.5 64.00 OK
r-oldrel-macos-x86_64 0.99.5 134.00 OK
r-oldrel-windows-x86_64 0.99.5 7.00 129.00 136.00 OK

Check Details

Version: 0.99.5
Check: Rd files
Result: NOTE checkRd: (-1) mu_calc.Rd:32: Lost braces; missing escapes or markup? 32 | mu_{d} | mu_{d} < mu_{d-1} and mu_{d} | mu_{d} > mu_{d-1} respecitively. | ^ checkRd: (-1) mu_calc.Rd:32: Lost braces; missing escapes or markup? 32 | mu_{d} | mu_{d} < mu_{d-1} and mu_{d} | mu_{d} > mu_{d-1} respecitively. | ^ checkRd: (-1) mu_calc.Rd:32: Lost braces; missing escapes or markup? 32 | mu_{d} | mu_{d} < mu_{d-1} and mu_{d} | mu_{d} > mu_{d-1} respecitively. | ^ checkRd: (-1) mu_calc.Rd:32: Lost braces; missing escapes or markup? 32 | mu_{d} | mu_{d} < mu_{d-1} and mu_{d} | mu_{d} > mu_{d-1} respecitively. | ^ checkRd: (-1) mu_calc.Rd:32: Lost braces; missing escapes or markup? 32 | mu_{d} | mu_{d} < mu_{d-1} and mu_{d} | mu_{d} > mu_{d-1} respecitively. | ^ checkRd: (-1) mu_calc.Rd:32: Lost braces; missing escapes or markup? 32 | mu_{d} | mu_{d} < mu_{d-1} and mu_{d} | mu_{d} > mu_{d-1} respecitively. | ^ Flavors: r-devel-linux-x86_64-debian-clang, r-devel-linux-x86_64-debian-gcc, r-devel-linux-x86_64-fedora-clang, r-devel-linux-x86_64-fedora-gcc, r-devel-windows-x86_64, r-patched-linux-x86_64, r-release-linux-x86_64, r-release-macos-arm64, r-release-macos-x86_64, r-release-windows-x86_64