CRAN Package Check Results for Package SpatEntropy

Last updated on 2021-10-17 00:48:52 CEST.

Flavor Version Tinstall Tcheck Ttotal Status Flags
r-devel-linux-x86_64-debian-clang 2.0-1 8.99 89.32 98.31 OK
r-devel-linux-x86_64-debian-gcc 2.0-1 8.19 68.85 77.04 OK
r-devel-linux-x86_64-fedora-clang 2.0-1 128.94 NOTE
r-devel-linux-x86_64-fedora-gcc 2.0-1 117.59 NOTE
r-devel-windows-x86_64 2.0-1 16.00 86.00 102.00 OK
r-devel-windows-x86_64-gcc10-UCRT 2.0-1 NOTE
r-patched-linux-x86_64 2.0-1 10.49 85.98 96.47 OK
r-patched-solaris-x86 2.0-1 174.80 NOTE
r-release-linux-x86_64 2.0-1 9.57 85.66 95.23 OK
r-release-macos-arm64 2.0-1 NOTE
r-release-macos-x86_64 2.0-1 NOTE
r-release-windows-ix86+x86_64 2.0-1 14.00 116.00 130.00 OK
r-oldrel-macos-x86_64 2.0-1 NOTE
r-oldrel-windows-ix86+x86_64 2.0-1 22.00 116.00 138.00 OK

Check Details

Version: 2.0-1
Check: dependencies in R code
Result: NOTE
    Namespace in Imports field not imported from: ‘spatstat.linnet’
     All declared Imports should be used.
Flavors: r-devel-linux-x86_64-fedora-clang, r-devel-linux-x86_64-fedora-gcc, r-devel-windows-x86_64-gcc10-UCRT, r-patched-solaris-x86, r-release-macos-arm64, r-release-macos-x86_64, r-oldrel-macos-x86_64