CRAN Package Check Results for Package SpatialEpiApp

Last updated on 2021-10-22 00:50:41 CEST.

Flavor Version Tinstall Tcheck Ttotal Status Flags
r-devel-linux-x86_64-debian-clang 0.3 2.58 22.05 24.63 NOTE
r-devel-linux-x86_64-debian-gcc 0.3 2.12 18.21 20.33 NOTE
r-devel-linux-x86_64-fedora-clang 0.3 41.66 NOTE
r-devel-linux-x86_64-fedora-gcc 0.3 31.27 NOTE
r-devel-windows-x86_64 0.3 6.00 39.00 45.00 NOTE
r-devel-windows-x86_64-gcc10-UCRT 0.3 NOTE
r-patched-linux-x86_64 0.3 2.65 21.56 24.21 NOTE
r-patched-solaris-x86 0.3 50.10 NOTE
r-release-linux-x86_64 0.3 2.45 21.65 24.10 NOTE
r-release-macos-arm64 0.3 NOTE
r-release-macos-x86_64 0.3 NOTE
r-release-windows-ix86+x86_64 0.3 5.00 42.00 47.00 NOTE
r-oldrel-macos-x86_64 0.3 NOTE
r-oldrel-windows-ix86+x86_64 0.3 11.00 43.00 54.00 OK

Check Details

Version: 0.3
Check: package dependencies
Result: NOTE
    Package suggested but not available for checking: 'INLA'
Flavors: r-devel-linux-x86_64-debian-clang, r-devel-linux-x86_64-debian-gcc, r-devel-windows-x86_64-gcc10-UCRT, r-patched-linux-x86_64, r-patched-solaris-x86, r-release-linux-x86_64, r-release-macos-arm64, r-release-macos-x86_64, r-oldrel-macos-x86_64

Version: 0.3
Check: LazyData
Result: NOTE
     'LazyData' is specified without a 'data' directory
Flavors: r-devel-linux-x86_64-debian-clang, r-devel-linux-x86_64-debian-gcc, r-devel-linux-x86_64-fedora-clang, r-devel-linux-x86_64-fedora-gcc, r-devel-windows-x86_64, r-devel-windows-x86_64-gcc10-UCRT, r-patched-linux-x86_64, r-patched-solaris-x86, r-release-linux-x86_64, r-release-macos-arm64, r-release-macos-x86_64, r-release-windows-ix86+x86_64

Version: 0.3
Check: dependencies in R code
Result: NOTE
    Namespaces in Imports field not imported from:
     ‘RColorBrewer’ ‘SpatialEpi’ ‘dplyr’ ‘dygraphs’ ‘ggplot2’
     ‘htmlwidgets’ ‘knitr’ ‘leaflet’ ‘mapproj’ ‘maptools’ ‘rgdal’ ‘rgeos’
     ‘rmarkdown’ ‘shinyjs’ ‘spdep’ ‘xts’
     All declared Imports should be used.
Flavors: r-devel-linux-x86_64-fedora-clang, r-devel-linux-x86_64-fedora-gcc, r-devel-windows-x86_64-gcc10-UCRT, r-patched-solaris-x86, r-release-macos-arm64, r-release-macos-x86_64, r-oldrel-macos-x86_64