CRAN Package Check Results for Package SpatialKWD

Last updated on 2024-06-14 00:53:59 CEST.

Flavor Version Tinstall Tcheck Ttotal Status Flags
r-devel-linux-x86_64-debian-clang 0.4.1 44.32 41.39 85.71 NOTE
r-devel-linux-x86_64-debian-gcc 0.4.1 33.66 33.90 67.56 NOTE
r-devel-linux-x86_64-fedora-clang 0.4.1 112.17 NOTE
r-devel-linux-x86_64-fedora-gcc 0.4.1 124.03 NOTE
r-devel-windows-x86_64 0.4.1 32.00 75.00 107.00 NOTE
r-patched-linux-x86_64 0.4.1 45.20 43.14 88.34 NOTE
r-release-linux-x86_64 0.4.1 40.37 42.07 82.44 NOTE
r-release-macos-arm64 0.4.1 32.00 NOTE
r-release-macos-x86_64 0.4.1 49.00 NOTE
r-release-windows-x86_64 0.4.1 32.00 80.00 112.00 NOTE
r-oldrel-macos-arm64 0.4.1 37.00 NOTE
r-oldrel-macos-x86_64 0.4.1 56.00 NOTE
r-oldrel-windows-x86_64 0.4.1 40.00 86.00 126.00 NOTE

Check Details

Version: 0.4.1
Check: C++ specification
Result: NOTE Specified C++11: please drop specification unless essential Flavors: r-devel-linux-x86_64-debian-clang, r-devel-linux-x86_64-debian-gcc, r-devel-linux-x86_64-fedora-clang, r-devel-linux-x86_64-fedora-gcc, r-devel-windows-x86_64, r-patched-linux-x86_64, r-release-linux-x86_64, r-release-macos-arm64, r-release-macos-x86_64, r-release-windows-x86_64, r-oldrel-macos-arm64, r-oldrel-macos-x86_64, r-oldrel-windows-x86_64

Version: 0.4.1
Check: Rd files
Result: NOTE checkRd: (-1) CompareAll-function.rd:27: Lost braces in \itemize; meant \describe ? checkRd: (-1) CompareAll-function.rd:28: Lost braces in \itemize; meant \describe ? checkRd: (-1) CompareAll-function.rd:69: Lost braces in \itemize; \value handles \item{}{} directly checkRd: (-1) CompareAll-function.rd:70: Lost braces in \itemize; \value handles \item{}{} directly checkRd: (-1) CompareAll-function.rd:71: Lost braces in \itemize; \value handles \item{}{} directly checkRd: (-1) CompareAll-function.rd:72: Lost braces in \itemize; \value handles \item{}{} directly checkRd: (-1) CompareAll-function.rd:73: Lost braces in \itemize; \value handles \item{}{} directly checkRd: (-1) CompareAll-function.rd:74: Lost braces in \itemize; \value handles \item{}{} directly checkRd: (-1) CompareOneToMany-function.rd:27: Lost braces in \itemize; meant \describe ? checkRd: (-1) CompareOneToMany-function.rd:28: Lost braces in \itemize; meant \describe ? checkRd: (-1) CompareOneToMany-function.rd:34: Lost braces in \itemize; meant \describe ? checkRd: (-1) CompareOneToMany-function.rd:35: Lost braces in \itemize; meant \describe ? checkRd: (-1) CompareOneToMany-function.rd:74: Lost braces in \itemize; \value handles \item{}{} directly checkRd: (-1) CompareOneToMany-function.rd:75: Lost braces in \itemize; \value handles \item{}{} directly checkRd: (-1) CompareOneToMany-function.rd:76: Lost braces in \itemize; \value handles \item{}{} directly checkRd: (-1) CompareOneToMany-function.rd:77: Lost braces in \itemize; \value handles \item{}{} directly checkRd: (-1) CompareOneToMany-function.rd:78: Lost braces in \itemize; \value handles \item{}{} directly checkRd: (-1) CompareOneToMany-function.rd:79: Lost braces in \itemize; \value handles \item{}{} directly checkRd: (-1) CompareOneToOne-function.rd:27: Lost braces in \itemize; meant \describe ? checkRd: (-1) CompareOneToOne-function.rd:28: Lost braces in \itemize; meant \describe ? checkRd: (-1) CompareOneToOne-function.rd:34: Lost braces in \itemize; meant \describe ? checkRd: (-1) CompareOneToOne-function.rd:35: Lost braces in \itemize; meant \describe ? checkRd: (-1) CompareOneToOne-function.rd:89: Lost braces in \itemize; \value handles \item{}{} directly checkRd: (-1) CompareOneToOne-function.rd:90: Lost braces in \itemize; \value handles \item{}{} directly checkRd: (-1) CompareOneToOne-function.rd:91: Lost braces in \itemize; \value handles \item{}{} directly checkRd: (-1) CompareOneToOne-function.rd:92: Lost braces in \itemize; \value handles \item{}{} directly checkRd: (-1) CompareOneToOne-function.rd:93: Lost braces in \itemize; \value handles \item{}{} directly checkRd: (-1) CompareOneToOne-function.rd:94: Lost braces in \itemize; \value handles \item{}{} directly checkRd: (-1) FocusArea-function.rd:36: Lost braces in \itemize; meant \describe ? checkRd: (-1) FocusArea-function.rd:37: Lost braces in \itemize; meant \describe ? checkRd: (-1) FocusArea-function.rd:43: Lost braces in \itemize; meant \describe ? checkRd: (-1) FocusArea-function.rd:44: Lost braces in \itemize; meant \describe ? checkRd: (-1) FocusArea-function.rd:82: Lost braces in \itemize; \value handles \item{}{} directly checkRd: (-1) FocusArea-function.rd:83: Lost braces in \itemize; \value handles \item{}{} directly checkRd: (-1) FocusArea-function.rd:84: Lost braces in \itemize; \value handles \item{}{} directly checkRd: (-1) FocusArea-function.rd:85: Lost braces in \itemize; \value handles \item{}{} directly checkRd: (-1) FocusArea-function.rd:86: Lost braces in \itemize; \value handles \item{}{} directly checkRd: (-1) FocusArea-function.rd:87: Lost braces in \itemize; \value handles \item{}{} directly Flavors: r-devel-linux-x86_64-debian-clang, r-devel-linux-x86_64-debian-gcc, r-devel-linux-x86_64-fedora-clang, r-devel-linux-x86_64-fedora-gcc, r-devel-windows-x86_64, r-patched-linux-x86_64, r-release-linux-x86_64, r-release-macos-arm64, r-release-macos-x86_64, r-release-windows-x86_64

Version: 0.4.1
Check: installed package size
Result: NOTE installed size is 5.9Mb sub-directories of 1Mb or more: libs 5.5Mb Flavors: r-release-macos-arm64, r-release-macos-x86_64, r-oldrel-macos-arm64, r-oldrel-macos-x86_64