CRAN Package Check Results for Package SpatialKWD

Last updated on 2021-10-17 00:48:52 CEST.

Flavor Version Tinstall Tcheck Ttotal Status Flags
r-devel-linux-x86_64-debian-clang 0.4.0 37.17 38.05 75.22 OK
r-devel-linux-x86_64-debian-gcc 0.4.0 32.49 32.35 64.84 OK
r-devel-linux-x86_64-fedora-clang 0.4.0 122.86 NOTE
r-devel-linux-x86_64-fedora-gcc 0.4.0 104.80 OK
r-devel-windows-x86_64 0.4.0 42.00 49.00 91.00 OK
r-devel-windows-x86_64-gcc10-UCRT 0.4.0 OK
r-patched-linux-x86_64 0.4.0 36.90 38.68 75.58 OK
r-patched-solaris-x86 0.4.0 118.80 OK
r-release-linux-x86_64 0.4.0 35.84 39.11 74.95 OK
r-release-macos-arm64 0.4.0 NOTE
r-release-macos-x86_64 0.4.0 NOTE
r-release-windows-ix86+x86_64 0.4.0 68.00 94.00 162.00 OK
r-oldrel-macos-x86_64 0.4.0 NOTE
r-oldrel-windows-ix86+x86_64 0.4.0 92.00 97.00 189.00 OK

Check Details

Version: 0.4.0
Check: installed package size
Result: NOTE
     installed size is 5.2Mb
     sub-directories of 1Mb or more:
     libs 4.7Mb
Flavors: r-devel-linux-x86_64-fedora-clang, r-release-macos-arm64, r-release-macos-x86_64, r-oldrel-macos-x86_64