Last updated on 2023-09-26 01:06:35 CEST.
Flavor | Version | Tinstall | Tcheck | Ttotal | Status | Flags |
---|---|---|---|---|---|---|
r-devel-linux-x86_64-debian-clang | 1.0-1 | 31.92 | 256.85 | 288.77 | NOTE | |
r-devel-linux-x86_64-debian-gcc | 1.0-1 | 25.28 | 188.42 | 213.70 | NOTE | |
r-devel-linux-x86_64-fedora-clang | 1.0-1 | 349.05 | NOTE | |||
r-devel-linux-x86_64-fedora-gcc | 1.0-1 | 349.67 | NOTE | |||
r-devel-windows-x86_64 | 1.0-1 | 27.00 | 219.00 | 246.00 | NOTE | |
r-patched-linux-x86_64 | 1.0-1 | 38.71 | 244.08 | 282.79 | OK | |
r-release-linux-x86_64 | 1.0-1 | 22.06 | 250.73 | 272.79 | OK | |
r-release-macos-arm64 | 1.0-1 | 109.00 | OK | |||
r-release-macos-x86_64 | 1.0-1 | 180.00 | OK | |||
r-release-windows-x86_64 | 1.0-1 | 36.00 | 264.00 | 300.00 | OK | |
r-oldrel-macos-arm64 | 1.0-1 | 102.00 | OK | |||
r-oldrel-macos-x86_64 | 1.0-1 | 144.00 | OK | |||
r-oldrel-windows-x86_64 | 1.0-1 | 38.00 | 262.00 | 300.00 | OK |
Version: 1.0-1
Check: Rd contents
Result: NOTE
Argument items with no description in Rd object 'binarizer':
‘\dots’
Flavors: r-devel-linux-x86_64-debian-clang, r-devel-linux-x86_64-debian-gcc, r-devel-linux-x86_64-fedora-clang, r-devel-linux-x86_64-fedora-gcc, r-devel-windows-x86_64