Last updated on 2023-12-10 00:56:01 CET.
Flavor | Version | Tinstall | Tcheck | Ttotal | Status | Flags |
---|---|---|---|---|---|---|
r-devel-linux-x86_64-debian-clang | 1.0.5 | 114.04 | 33.56 | 147.60 | OK | |
r-devel-linux-x86_64-debian-gcc | 1.0.5 | 80.12 | 26.58 | 106.70 | OK | |
r-devel-linux-x86_64-fedora-clang | 1.0.5 | 235.39 | OK | |||
r-devel-linux-x86_64-fedora-gcc | 1.0.5 | 237.91 | OK | |||
r-devel-windows-x86_64 | 1.0.5 | 95.00 | 69.00 | 164.00 | NOTE | |
r-patched-linux-x86_64 | 1.0.5 | 101.31 | 33.67 | 134.98 | OK | |
r-release-linux-x86_64 | 1.0.5 | 105.13 | 33.47 | 138.60 | OK | |
r-release-macos-arm64 | 1.0.5 | 58.00 | NOTE | |||
r-release-macos-x86_64 | 1.0.5 | 100.00 | NOTE | |||
r-release-windows-x86_64 | 1.0.5 | 120.00 | 76.00 | 196.00 | NOTE | |
r-oldrel-macos-arm64 | 1.0.5 | 53.00 | NOTE | |||
r-oldrel-macos-x86_64 | 1.0.5 | 71.00 | NOTE | |||
r-oldrel-windows-x86_64 | 1.0.5 | 106.00 | 71.00 | 177.00 | OK |
Version: 1.0.5
Check: C++ specification
Result: NOTE
Specified C++11: please drop specification unless essential
Flavors: r-devel-windows-x86_64, r-release-windows-x86_64
Version: 1.0.5
Check: installed package size
Result: NOTE
installed size is 5.4Mb
sub-directories of 1Mb or more:
libs 5.3Mb
Flavors: r-release-macos-arm64, r-release-macos-x86_64, r-oldrel-macos-arm64, r-oldrel-macos-x86_64