CRAN Package Check Results for Package StanHeaders

Last updated on 2022-12-01 00:51:12 CET.

Flavor Version Tinstall Tcheck Ttotal Status Flags
r-devel-linux-x86_64-debian-clang 2.21.0-7 28.24 489.78 518.02 OK
r-devel-linux-x86_64-debian-gcc 2.21.0-7 25.71 402.19 427.90 OK
r-devel-linux-x86_64-fedora-clang 2.21.0-7 630.39 NOTE
r-devel-linux-x86_64-fedora-gcc 2.21.0-7 691.57 OK
r-devel-windows-x86_64 2.21.0-7 1373.00 648.00 2021.00 NOTE
r-patched-linux-x86_64 2.21.0-7 25.24 488.50 513.74 OK
r-release-linux-x86_64 2.21.0-7 23.99 486.74 510.73 OK
r-release-macos-arm64 2.21.0-7 144.00 NOTE
r-release-macos-x86_64 2.21.0-7 193.00 NOTE
r-release-windows-x86_64 2.21.0-7 2658.00 636.00 3294.00 NOTE
r-oldrel-macos-arm64 2.21.0-7 174.00 NOTE
r-oldrel-macos-x86_64 2.21.0-7 304.00 NOTE
r-oldrel-windows-ix86+x86_64 2.21.0-7 103.00 658.00 761.00 NOTE

Check Details

Version: 2.21.0-7
Check: installed package size
Result: NOTE
     installed size is 11.8Mb
     sub-directories of 1Mb or more:
     include 10.7Mb
Flavors: r-devel-linux-x86_64-fedora-clang, r-devel-windows-x86_64, r-release-macos-arm64, r-release-macos-x86_64, r-release-windows-x86_64, r-oldrel-macos-arm64, r-oldrel-macos-x86_64, r-oldrel-windows-ix86+x86_64