CRAN Package Check Results for Package Statsomat

Last updated on 2023-02-03 00:51:16 CET.

Flavor Version Tinstall Tcheck Ttotal Status Flags
r-devel-linux-x86_64-debian-clang 1.1.0 3.09 21.49 24.58 OK
r-devel-linux-x86_64-debian-gcc 1.1.0 2.70 17.11 19.81 OK
r-devel-linux-x86_64-fedora-clang 1.1.0 32.40 NOTE
r-devel-linux-x86_64-fedora-gcc 1.1.0 30.27 NOTE
r-devel-windows-x86_64 1.1.0 49.00 55.00 104.00 NOTE
r-patched-linux-x86_64 1.1.0 3.55 22.31 25.86 OK
r-release-linux-x86_64 1.1.0 2.92 21.76 24.68 OK
r-release-macos-arm64 1.1.0 16.00 NOTE
r-release-macos-x86_64 1.1.0 26.00 NOTE
r-release-windows-x86_64 1.1.0 93.00 54.00 147.00 NOTE
r-oldrel-macos-arm64 1.1.0 22.00 NOTE
r-oldrel-macos-x86_64 1.1.0 22.00 NOTE
r-oldrel-windows-ix86+x86_64 1.1.0 11.00 54.00 65.00 NOTE

Check Details

Version: 1.1.0
Check: installed package size
Result: NOTE
     installed size is 6.3Mb
     sub-directories of 1Mb or more:
     shiny-apps 6.2Mb
Flavors: r-devel-linux-x86_64-fedora-clang, r-devel-windows-x86_64, r-release-macos-arm64, r-release-macos-x86_64, r-release-windows-x86_64, r-oldrel-macos-arm64, r-oldrel-macos-x86_64, r-oldrel-windows-ix86+x86_64

Version: 1.1.0
Check: dependencies in R code
Result: NOTE
    Namespaces in Imports field not imported from:
     ‘DDoutlier’ ‘car’ ‘corrplot’ ‘data.table’ ‘energy’ ‘ggplot2’
     ‘gridExtra’ ‘kableExtra’ ‘knitr’ ‘readr’ ‘reshape2’ ‘rmarkdown’
     ‘shinydisconnect’
     All declared Imports should be used.
Flavors: r-devel-linux-x86_64-fedora-clang, r-devel-linux-x86_64-fedora-gcc, r-release-macos-arm64, r-release-macos-x86_64, r-oldrel-macos-arm64, r-oldrel-macos-x86_64