CRAN Package Check Results for Package StochBlock

Last updated on 2024-07-20 00:57:06 CEST.

Flavor Version Tinstall Tcheck Ttotal Status Flags
r-devel-linux-x86_64-debian-clang 0.1.2 36.30 78.49 114.79 NOTE
r-devel-linux-x86_64-debian-gcc 0.1.2 22.65 58.76 81.41 NOTE
r-devel-linux-x86_64-fedora-clang 0.1.2 159.14 NOTE
r-devel-linux-x86_64-fedora-gcc 0.1.2 161.94 NOTE
r-devel-windows-x86_64 0.1.2 30.00 93.00 123.00 NOTE
r-patched-linux-x86_64 0.1.2 36.41 75.01 111.42 NOTE
r-release-linux-x86_64 0.1.2 40.02 73.51 113.53 NOTE
r-release-macos-arm64 0.1.2 41.00 NOTE
r-release-macos-x86_64 0.1.2 56.00 NOTE
r-release-windows-x86_64 0.1.2 35.00 89.00 124.00 NOTE
r-oldrel-macos-arm64 0.1.2 49.00 NOTE
r-oldrel-macos-x86_64 0.1.2 74.00 NOTE
r-oldrel-windows-x86_64 0.1.2 43.00 111.00 154.00 NOTE

Check Details

Version: 0.1.2
Check: C++ specification
Result: NOTE Specified C++11: please drop specification unless essential Flavors: r-devel-linux-x86_64-debian-clang, r-devel-linux-x86_64-debian-gcc, r-devel-linux-x86_64-fedora-clang, r-devel-linux-x86_64-fedora-gcc, r-devel-windows-x86_64, r-patched-linux-x86_64, r-release-linux-x86_64, r-release-macos-arm64, r-release-macos-x86_64, r-release-windows-x86_64, r-oldrel-macos-arm64, r-oldrel-macos-x86_64, r-oldrel-windows-x86_64

Version: 0.1.2
Check: Rd cross-references
Result: NOTE Found the following Rd file(s) with Rd \link{} targets missing package anchors: stochBlockORP.Rd: genRandomPar Please provide package anchors for all Rd \link{} targets not in the package itself and the base packages. Flavor: r-devel-windows-x86_64