Last updated on 2023-10-04 00:58:39 CEST.
Flavor | Version | Tinstall | Tcheck | Ttotal | Status | Flags |
---|---|---|---|---|---|---|
r-devel-linux-x86_64-debian-clang | 0.1.2 | 35.12 | 79.95 | 115.07 | NOTE | |
r-devel-linux-x86_64-debian-gcc | 0.1.2 | 29.44 | 62.56 | 92.00 | NOTE | |
r-devel-linux-x86_64-fedora-clang | 0.1.2 | 160.31 | NOTE | |||
r-devel-linux-x86_64-fedora-gcc | 0.1.2 | 160.11 | NOTE | |||
r-devel-windows-x86_64 | 0.1.2 | 35.00 | 97.00 | 132.00 | NOTE | |
r-patched-linux-x86_64 | 0.1.2 | 40.72 | 79.09 | 119.81 | NOTE | |
r-release-linux-x86_64 | 0.1.2 | 37.48 | 79.41 | 116.89 | NOTE | |
r-release-macos-arm64 | 0.1.2 | 49.00 | NOTE | |||
r-release-macos-x86_64 | 0.1.2 | 74.00 | NOTE | |||
r-release-windows-x86_64 | 0.1.2 | 43.00 | 113.00 | 156.00 | NOTE | |
r-oldrel-macos-arm64 | 0.1.2 | 41.00 | OK | |||
r-oldrel-macos-x86_64 | 0.1.2 | 58.00 | OK | |||
r-oldrel-windows-x86_64 | 0.1.2 | 41.00 | 109.00 | 150.00 | OK |
Version: 0.1.2
Check: C++ specification
Result: NOTE
Specified C++11: please drop specification unless essential
Flavors: r-devel-linux-x86_64-debian-clang, r-devel-linux-x86_64-debian-gcc, r-devel-linux-x86_64-fedora-clang, r-devel-linux-x86_64-fedora-gcc, r-devel-windows-x86_64, r-patched-linux-x86_64, r-release-linux-x86_64, r-release-macos-arm64, r-release-macos-x86_64, r-release-windows-x86_64