CRAN Package Check Results for Package StratifiedMedicine

Last updated on 2021-10-21 00:50:02 CEST.

Flavor Version Tinstall Tcheck Ttotal Status Flags
r-devel-linux-x86_64-debian-clang 1.0.4 15.58 359.75 375.33 OK
r-devel-linux-x86_64-debian-gcc 1.0.4 13.44 290.49 303.93 OK
r-devel-linux-x86_64-fedora-clang 1.0.4 430.47 NOTE
r-devel-linux-x86_64-fedora-gcc 1.0.4 413.46 OK
r-devel-windows-x86_64 1.0.4 24.00 210.00 234.00 NOTE
r-devel-windows-x86_64-gcc10-UCRT 1.0.4 OK
r-patched-linux-x86_64 1.0.4 12.22 341.13 353.35 OK
r-patched-solaris-x86 1.0.4 207.80 NOTE
r-release-linux-x86_64 1.0.4 15.30 338.46 353.76 OK
r-release-macos-arm64 1.0.4 NOTE
r-release-macos-x86_64 1.0.4 NOTE
r-release-windows-ix86+x86_64 1.0.4 22.00 216.00 238.00 NOTE
r-oldrel-macos-x86_64 1.0.4 NOTE
r-oldrel-windows-ix86+x86_64 1.0.4 36.00 228.00 264.00 NOTE

Check Details

Version: 1.0.4
Check: installed package size
Result: NOTE
     installed size is 5.6Mb
     sub-directories of 1Mb or more:
     doc 4.9Mb
Flavors: r-devel-linux-x86_64-fedora-clang, r-devel-windows-x86_64, r-patched-solaris-x86, r-release-macos-arm64, r-release-macos-x86_64, r-release-windows-ix86+x86_64, r-oldrel-macos-x86_64, r-oldrel-windows-ix86+x86_64