CRAN Package Check Results for Package StratifiedSampling

Last updated on 2023-11-29 00:50:35 CET.

Flavor Version Tinstall Tcheck Ttotal Status Flags
r-devel-linux-x86_64-debian-clang 0.4.1 127.80 107.70 235.50 NOTE
r-devel-linux-x86_64-debian-gcc 0.4.1 101.95 78.43 180.38 NOTE
r-devel-linux-x86_64-fedora-clang 0.4.1 367.38 NOTE
r-devel-linux-x86_64-fedora-gcc 0.4.1 384.20 NOTE
r-devel-windows-x86_64 0.4.1 108.00 127.00 235.00 NOTE
r-patched-linux-x86_64 0.4.1 122.30 102.59 224.89 NOTE
r-release-linux-x86_64 0.4.1 116.40 102.54 218.94 NOTE
r-release-macos-arm64 0.4.1 92.00 NOTE
r-release-macos-x86_64 0.4.1 158.00 NOTE
r-release-windows-x86_64 0.4.1 144.00 144.00 288.00 NOTE
r-oldrel-macos-arm64 0.4.1 82.00 NOTE
r-oldrel-macos-x86_64 0.4.1 102.00 NOTE
r-oldrel-windows-x86_64 0.4.1 135.00 137.00 272.00 OK

Check Details

Version: 0.4.1
Check: package dependencies
Result: NOTE Package suggested but not available for checking: ‘rgeos’ Flavors: r-devel-linux-x86_64-debian-clang, r-devel-linux-x86_64-debian-gcc, r-devel-linux-x86_64-fedora-clang, r-devel-linux-x86_64-fedora-gcc, r-patched-linux-x86_64, r-release-linux-x86_64

Version: 0.4.1
Check: C++ specification
Result: NOTE Specified C++11: please drop specification unless essential Flavors: r-devel-linux-x86_64-debian-clang, r-devel-linux-x86_64-debian-gcc, r-devel-linux-x86_64-fedora-clang, r-devel-linux-x86_64-fedora-gcc, r-devel-windows-x86_64, r-patched-linux-x86_64, r-release-linux-x86_64, r-release-macos-arm64, r-release-macos-x86_64, r-release-windows-x86_64

Version: 0.4.1
Check: installed package size
Result: NOTE installed size is 5.5Mb sub-directories of 1Mb or more: libs 5.2Mb Flavors: r-release-macos-arm64, r-release-macos-x86_64, r-oldrel-macos-arm64, r-oldrel-macos-x86_64