Last updated on 2023-03-20 00:54:42 CET.
Flavor | Version | Tinstall | Tcheck | Ttotal | Status | Flags |
---|---|---|---|---|---|---|
r-devel-linux-x86_64-debian-clang | 0.1.0 | OK | ||||
r-devel-linux-x86_64-debian-gcc | 0.1.0 | 14.40 | 110.46 | 124.86 | OK | |
r-devel-linux-x86_64-fedora-clang | 0.1.0 | 218.93 | NOTE | |||
r-devel-linux-x86_64-fedora-gcc | 0.1.0 | 206.29 | NOTE | |||
r-devel-windows-x86_64 | 0.1.0 | 31.00 | 182.00 | 213.00 | OK | |
r-patched-linux-x86_64 | 0.1.0 | 18.09 | 137.72 | 155.81 | OK | |
r-release-linux-x86_64 | 0.1.0 | 14.61 | 139.91 | 154.52 | OK | |
r-release-macos-arm64 | 0.1.0 | 56.00 | NOTE | |||
r-release-macos-x86_64 | 0.1.0 | 93.00 | NOTE | |||
r-release-windows-x86_64 | 0.1.0 | 34.00 | 181.00 | 215.00 | OK | |
r-oldrel-macos-arm64 | 0.1.0 | 65.00 | NOTE | |||
r-oldrel-macos-x86_64 | 0.1.0 | 99.00 | NOTE | |||
r-oldrel-windows-ix86+x86_64 | 0.1.0 | 40.00 | 173.00 | 213.00 | OK |
Version: 0.1.0
Check: dependencies in R code
Result: NOTE
Namespaces in Imports field not imported from:
‘broom’ ‘car’ ‘lmerTest’ ‘pbkrtest’
All declared Imports should be used.
Flavors: r-devel-linux-x86_64-fedora-clang, r-devel-linux-x86_64-fedora-gcc, r-release-macos-arm64, r-release-macos-x86_64, r-oldrel-macos-arm64, r-oldrel-macos-x86_64