Last updated on 2023-06-04 00:54:45 CEST.
Flavor | Version | Tinstall | Tcheck | Ttotal | Status | Flags |
---|---|---|---|---|---|---|
r-devel-linux-x86_64-debian-clang | 2.0.1 | 26.16 | 301.06 | 327.22 | OK | |
r-devel-linux-x86_64-debian-gcc | 2.0.1 | 22.50 | 220.60 | 243.10 | OK | |
r-devel-linux-x86_64-fedora-clang | 2.0.1 | 405.00 | OK | |||
r-devel-linux-x86_64-fedora-gcc | 2.0.1 | 423.29 | OK | |||
r-devel-windows-x86_64 | 2.0.1 | 22.00 | 179.00 | 201.00 | OK | |
r-patched-linux-x86_64 | 2.0.1 | OK | ||||
r-release-linux-x86_64 | 2.0.1 | 18.86 | 280.85 | 299.71 | OK | |
r-release-macos-arm64 | 2.0.1 | 77.00 | OK | |||
r-release-macos-x86_64 | 1.0.2 | 168.00 | NOTE | |||
r-release-windows-x86_64 | 2.0.1 | 30.00 | 272.00 | 302.00 | OK | |
r-oldrel-macos-arm64 | 2.0.1 | 75.00 | OK | |||
r-oldrel-macos-x86_64 | 2.0.1 | 120.00 | OK | |||
r-oldrel-windows-x86_64 | 2.0.1 | 33.00 | 267.00 | 300.00 | OK |
Version: 1.0.2
Check: LazyData
Result: NOTE
'LazyData' is specified without a 'data' directory
Flavor: r-release-macos-x86_64