CRAN Package Check Results for Package Surrogate

Last updated on 2021-10-26 01:00:08 CEST.

Flavor Version Tinstall Tcheck Ttotal Status Flags
r-devel-linux-x86_64-debian-clang 2.0 39.48 248.68 288.16 OK
r-devel-linux-x86_64-debian-gcc 2.0 34.15 178.23 212.38 OK
r-devel-linux-x86_64-fedora-clang 2.0 351.63 NOTE
r-devel-linux-x86_64-fedora-gcc 2.0 344.99 NOTE
r-devel-windows-x86_64 2.0 63.00 284.00 347.00 OK
r-devel-windows-x86_64-gcc10-UCRT 2.0 NOTE
r-patched-linux-x86_64 2.0 47.89 239.00 286.89 OK
r-patched-solaris-x86 2.0 424.60 NOTE
r-release-linux-x86_64 2.0 36.26 239.74 276.00 OK
r-release-macos-arm64 2.0 NOTE
r-release-macos-x86_64 2.0 NOTE
r-release-windows-ix86+x86_64 2.0 48.00 280.00 328.00 OK
r-oldrel-macos-x86_64 2.0 NOTE
r-oldrel-windows-ix86+x86_64 2.0 68.00 282.00 350.00 OK

Check Details

Version: 2.0
Check: dependencies in R code
Result: NOTE
    Namespace in Imports field not imported from: ‘rootSolve’
     All declared Imports should be used.
Flavors: r-devel-linux-x86_64-fedora-clang, r-devel-linux-x86_64-fedora-gcc, r-devel-windows-x86_64-gcc10-UCRT, r-patched-solaris-x86, r-release-macos-arm64, r-release-macos-x86_64, r-oldrel-macos-x86_64