Last updated on 2023-09-26 01:06:36 CEST.
Flavor | Version | Tinstall | Tcheck | Ttotal | Status | Flags |
---|---|---|---|---|---|---|
r-devel-linux-x86_64-debian-clang | 3.2.0 | 49.36 | 801.56 | 850.92 | OK | |
r-devel-linux-x86_64-debian-gcc | 3.2.0 | 40.21 | 590.34 | 630.55 | OK | |
r-devel-linux-x86_64-fedora-clang | 3.2.1 | 1071.82 | NOTE | |||
r-devel-linux-x86_64-fedora-gcc | 3.2.1 | 1056.07 | OK | |||
r-devel-windows-x86_64 | 3.2.0 | 40.00 | 551.00 | 591.00 | OK | |
r-patched-linux-x86_64 | 3.2.0 | 52.35 | 719.12 | 771.47 | OK | |
r-release-linux-x86_64 | 3.2.0 | 41.26 | 762.23 | 803.49 | OK | |
r-release-macos-arm64 | 3.2.1 | 150.00 | OK | |||
r-release-macos-x86_64 | 3.2.1 | 286.00 | OK | |||
r-release-windows-x86_64 | 3.2.0 | 54.00 | 751.00 | 805.00 | OK | |
r-oldrel-macos-arm64 | 3.2.0 | 156.00 | ERROR | |||
r-oldrel-macos-x86_64 | 3.2.0 | 337.00 | ERROR | |||
r-oldrel-windows-x86_64 | 3.2.0 | 58.00 | 724.00 | 782.00 | OK |
Version: 3.2.1
Check: package dependencies
Result: NOTE
Imports includes 24 non-default packages.
Importing from so many packages makes the package vulnerable to any of
them becoming unavailable. Move as many as possible to Suggests and
use conditionally.
Flavor: r-devel-linux-x86_64-fedora-clang
Version: 3.2.0
Check: PDF version of manual
Result: WARN
LaTeX errors when creating PDF version.
This typically indicates Rd problems.
LaTeX errors found:
! Undefined control sequence.
<argument> ...0 \perp T_1 | \tilde {S}_1 \; \text
{and} \; \tilde {S}_1 \per...
l.8147 \tilde{S}_1 \perp T_0 | \tilde{S}_0 .}{}
This can informally be
! Undefined control sequence.
<argument> ...0 \perp T_1 | \tilde {S}_1 \; \text
{and} \; \tilde {S}_1 \per...
l.8357 \tilde{S}_1 \perp T_0 | \tilde{S}_0 .}{}
This can informally be
Flavors: r-oldrel-macos-arm64, r-oldrel-macos-x86_64
Version: 3.2.0
Check: PDF version of manual without index
Result: ERROR
Flavors: r-oldrel-macos-arm64, r-oldrel-macos-x86_64