Last updated on 2023-10-04 00:58:39 CEST.
Flavor | Version | Tinstall | Tcheck | Ttotal | Status | Flags |
---|---|---|---|---|---|---|
r-devel-linux-x86_64-debian-clang | 0.1.2 | 133.81 | 155.07 | 288.88 | OK | |
r-devel-linux-x86_64-debian-gcc | 0.1.2 | 86.56 | 116.87 | 203.43 | OK | |
r-devel-linux-x86_64-fedora-clang | 0.1.2 | 391.10 | OK | |||
r-devel-linux-x86_64-fedora-gcc | 0.1.2 | 398.46 | OK | |||
r-devel-windows-x86_64 | 0.1.2 | 97.00 | 144.00 | 241.00 | NOTE | |
r-patched-linux-x86_64 | 0.1.2 | 118.68 | 147.94 | 266.62 | OK | |
r-release-linux-x86_64 | 0.1.2 | 124.18 | 152.59 | 276.77 | OK | |
r-release-macos-arm64 | 0.1.2 | 97.00 | NOTE | |||
r-release-macos-x86_64 | 0.1.2 | 182.00 | NOTE | |||
r-release-windows-x86_64 | 0.1.2 | 119.00 | 180.00 | 299.00 | NOTE | |
r-oldrel-macos-arm64 | 0.1.2 | 94.00 | NOTE | |||
r-oldrel-macos-x86_64 | 0.1.2 | 115.00 | NOTE | |||
r-oldrel-windows-x86_64 | 0.1.2 | 115.00 | 168.00 | 283.00 | NOTE |
Version: 0.1.2
Check: installed package size
Result: NOTE
installed size is 6.0Mb
sub-directories of 1Mb or more:
data 4.3Mb
libs 1.4Mb
Flavors: r-devel-windows-x86_64, r-release-macos-arm64, r-release-macos-x86_64, r-release-windows-x86_64, r-oldrel-macos-arm64, r-oldrel-macos-x86_64, r-oldrel-windows-x86_64