CRAN Package Check Results for Package TEAM

Last updated on 2021-10-28 00:49:01 CEST.

Flavor Version Tinstall Tcheck Ttotal Status Flags
r-devel-linux-x86_64-debian-clang 0.1.0 9.21 87.49 96.70 NOTE
r-devel-linux-x86_64-debian-gcc 0.1.0 7.22 66.28 73.50 NOTE
r-devel-linux-x86_64-fedora-clang 0.1.0 125.75 NOTE
r-devel-linux-x86_64-fedora-gcc 0.1.0 112.23 NOTE
r-devel-windows-x86_64 0.1.0 15.00 109.00 124.00 NOTE
r-devel-windows-x86_64-gcc10-UCRT 0.1.0 NOTE
r-patched-linux-x86_64 0.1.0 9.18 83.06 92.24 NOTE
r-patched-solaris-x86 0.1.0 168.30 NOTE
r-release-linux-x86_64 0.1.0 8.48 81.21 89.69 NOTE
r-release-macos-arm64 0.1.0 NOTE
r-release-macos-x86_64 0.1.0 NOTE
r-release-windows-ix86+x86_64 0.1.0 17.00 118.00 135.00 NOTE
r-oldrel-macos-x86_64 0.1.0 OK
r-oldrel-windows-ix86+x86_64 0.1.0 16.00 109.00 125.00 OK

Check Details

Version: 0.1.0
Check: LazyData
Result: NOTE
     'LazyData' is specified without a 'data' directory
Flavors: r-devel-linux-x86_64-debian-clang, r-devel-linux-x86_64-debian-gcc, r-devel-linux-x86_64-fedora-clang, r-devel-linux-x86_64-fedora-gcc, r-devel-windows-x86_64, r-devel-windows-x86_64-gcc10-UCRT, r-patched-linux-x86_64, r-patched-solaris-x86, r-release-linux-x86_64, r-release-macos-arm64, r-release-macos-x86_64, r-release-windows-ix86+x86_64