Last updated on 2023-12-10 00:56:02 CET.
Flavor | Version | Tinstall | Tcheck | Ttotal | Status | Flags |
---|---|---|---|---|---|---|
r-devel-linux-x86_64-debian-clang | 2.1.2 | 25.77 | 96.66 | 122.43 | NOTE | |
r-devel-linux-x86_64-debian-gcc | 2.1.2 | 20.13 | 73.53 | 93.66 | NOTE | |
r-devel-linux-x86_64-fedora-clang | 2.1.2 | 178.08 | OK | |||
r-devel-linux-x86_64-fedora-gcc | 2.1.2 | 170.11 | OK | |||
r-devel-windows-x86_64 | 2.1.2 | 24.00 | 163.00 | 187.00 | OK | |
r-patched-linux-x86_64 | 2.1.2 | 29.37 | 97.28 | 126.65 | OK | |
r-release-linux-x86_64 | 2.1.2 | 24.25 | 93.96 | 118.21 | OK | |
r-release-macos-arm64 | 2.1.2 | 54.00 | OK | |||
r-release-macos-x86_64 | 2.1.2 | 78.00 | OK | |||
r-release-windows-x86_64 | 2.1.2 | 28.00 | 137.00 | 165.00 | OK | |
r-oldrel-macos-arm64 | 2.1.2 | 41.00 | OK | |||
r-oldrel-macos-x86_64 | 2.1.2 | 63.00 | OK | |||
r-oldrel-windows-x86_64 | 2.1.2 | 28.00 | 149.00 | 177.00 | OK |
Version: 2.1.2
Check: Rd files
Result: NOTE
checkRd: (-1) tess.plot.multichain.diagnostics.Rd:45: Lost braces in \itemize; meant \describe ?
checkRd: (-1) tess.plot.multichain.diagnostics.Rd:46: Lost braces in \itemize; meant \describe ?
checkRd: (-1) tess.plot.multichain.diagnostics.Rd:47: Lost braces in \itemize; meant \describe ?
checkRd: (-1) tess.plot.multichain.diagnostics.Rd:48: Lost braces in \itemize; meant \describe ?
checkRd: (-1) tess.plot.multichain.diagnostics.Rd:49: Lost braces in \itemize; meant \describe ?
checkRd: (-1) tess.plot.multichain.diagnostics.Rd:50: Lost braces in \itemize; meant \describe ?
checkRd: (-1) tess.plot.multichain.diagnostics.Rd:51: Lost braces in \itemize; meant \describe ?
checkRd: (-1) tess.plot.output.Rd:47: Lost braces in \itemize; meant \describe ?
checkRd: (-1) tess.plot.output.Rd:48: Lost braces in \itemize; meant \describe ?
checkRd: (-1) tess.plot.output.Rd:49: Lost braces in \itemize; meant \describe ?
checkRd: (-1) tess.plot.output.Rd:50: Lost braces in \itemize; meant \describe ?
checkRd: (-1) tess.plot.output.Rd:51: Lost braces in \itemize; meant \describe ?
checkRd: (-1) tess.plot.output.Rd:52: Lost braces in \itemize; meant \describe ?
checkRd: (-1) tess.plot.output.Rd:53: Lost braces in \itemize; meant \describe ?
checkRd: (-1) tess.plot.output.Rd:54: Lost braces in \itemize; meant \describe ?
checkRd: (-1) tess.plot.output.Rd:55: Lost braces in \itemize; meant \describe ?
checkRd: (-1) tess.plot.output.Rd:56: Lost braces in \itemize; meant \describe ?
checkRd: (-1) tess.plot.singlechain.diagnostics.Rd:49: Lost braces in \itemize; meant \describe ?
checkRd: (-1) tess.plot.singlechain.diagnostics.Rd:50: Lost braces in \itemize; meant \describe ?
checkRd: (-1) tess.plot.singlechain.diagnostics.Rd:51: Lost braces in \itemize; meant \describe ?
checkRd: (-1) tess.plot.singlechain.diagnostics.Rd:52: Lost braces in \itemize; meant \describe ?
checkRd: (-1) tess.plot.singlechain.diagnostics.Rd:53: Lost braces in \itemize; meant \describe ?
checkRd: (-1) tess.plot.singlechain.diagnostics.Rd:54: Lost braces in \itemize; meant \describe ?
checkRd: (-1) tess.plot.singlechain.diagnostics.Rd:55: Lost braces in \itemize; meant \describe ?
Flavors: r-devel-linux-x86_64-debian-clang, r-devel-linux-x86_64-debian-gcc