CRAN Package Check Results for Package TFisher

Last updated on 2021-10-19 00:49:34 CEST.

Flavor Version Tinstall Tcheck Ttotal Status Flags
r-devel-linux-x86_64-debian-clang 0.2.0 8.62 71.98 80.60 NOTE
r-devel-linux-x86_64-debian-gcc 0.2.0 7.15 55.81 62.96 NOTE
r-devel-linux-x86_64-fedora-clang 0.2.0 108.27 NOTE
r-devel-linux-x86_64-fedora-gcc 0.2.0 95.82 NOTE
r-devel-windows-x86_64 0.2.0 13.00 112.00 125.00 NOTE
r-devel-windows-x86_64-gcc10-UCRT 0.2.0 NOTE
r-patched-linux-x86_64 0.2.0 9.12 70.43 79.55 NOTE
r-patched-solaris-x86 0.2.0 147.00 NOTE
r-release-linux-x86_64 0.2.0 7.97 70.02 77.99 NOTE
r-release-macos-arm64 0.2.0 NOTE
r-release-macos-x86_64 0.2.0 NOTE
r-release-windows-ix86+x86_64 0.2.0 12.00 97.00 109.00 NOTE
r-oldrel-macos-x86_64 0.2.0 OK
r-oldrel-windows-ix86+x86_64 0.2.0 18.00 99.00 117.00 OK

Check Details

Version: 0.2.0
Check: LazyData
Result: NOTE
     'LazyData' is specified without a 'data' directory
Flavors: r-devel-linux-x86_64-debian-clang, r-devel-linux-x86_64-debian-gcc, r-devel-linux-x86_64-fedora-clang, r-devel-linux-x86_64-fedora-gcc, r-devel-windows-x86_64, r-devel-windows-x86_64-gcc10-UCRT, r-patched-linux-x86_64, r-patched-solaris-x86, r-release-linux-x86_64, r-release-macos-arm64, r-release-macos-x86_64, r-release-windows-ix86+x86_64