Last updated on 2023-09-30 00:56:21 CEST.
Flavor | Version | Tinstall | Tcheck | Ttotal | Status | Flags |
---|---|---|---|---|---|---|
r-devel-linux-x86_64-debian-clang | 0.9.22 | 13.01 | 116.09 | 129.10 | OK | |
r-devel-linux-x86_64-debian-gcc | 0.9.22 | 10.23 | 86.18 | 96.41 | OK | |
r-devel-linux-x86_64-fedora-clang | 0.9.22 | 151.78 | NOTE | |||
r-devel-linux-x86_64-fedora-gcc | 0.9.22 | 172.14 | NOTE | |||
r-devel-windows-x86_64 | 0.9.22 | 13.00 | 147.00 | 160.00 | OK | |
r-patched-linux-x86_64 | 0.9.22 | 10.80 | 99.15 | 109.95 | OK | |
r-release-linux-x86_64 | 0.9.22 | 10.60 | 110.31 | 120.91 | OK | |
r-release-macos-arm64 | 0.9.22 | 61.00 | OK | |||
r-release-macos-x86_64 | 0.9.22 | 85.00 | OK | |||
r-release-windows-x86_64 | 0.9.22 | 17.00 | 153.00 | 170.00 | OK | |
r-oldrel-macos-arm64 | 0.9.22 | 49.00 | NOTE | |||
r-oldrel-macos-x86_64 | 0.9.22 | 80.00 | NOTE | |||
r-oldrel-windows-x86_64 | 0.9.22 | 18.00 | 154.00 | 172.00 | OK |
Version: 0.9.22
Check: data for non-ASCII characters
Result: NOTE
Note: found 153 marked Latin-1 strings
Note: found 108 marked UTF-8 strings
Flavors: r-devel-linux-x86_64-fedora-clang, r-devel-linux-x86_64-fedora-gcc, r-oldrel-macos-arm64, r-oldrel-macos-x86_64