Last updated on 2023-12-02 00:52:13 CET.
Flavor | Version | Tinstall | Tcheck | Ttotal | Status | Flags |
---|---|---|---|---|---|---|
r-devel-linux-x86_64-debian-clang | 1.2-3 | 11.31 | 149.83 | 161.14 | NOTE | |
r-devel-linux-x86_64-debian-gcc | 1.2-3 | 10.29 | 112.24 | 122.53 | NOTE | |
r-devel-linux-x86_64-fedora-clang | 1.2-3 | 199.02 | NOTE | |||
r-devel-linux-x86_64-fedora-gcc | 1.2-3 | 192.77 | NOTE | |||
r-devel-windows-x86_64 | 1.2-3 | 11.00 | 119.00 | 130.00 | NOTE | |
r-patched-linux-x86_64 | 1.2-3 | 12.91 | 145.05 | 157.96 | NOTE | |
r-release-linux-x86_64 | 1.2-3 | 11.26 | 144.66 | 155.92 | NOTE | |
r-release-macos-arm64 | 1.2-3 | 50.00 | OK | |||
r-release-macos-x86_64 | 1.2-3 | 91.00 | OK | |||
r-release-windows-x86_64 | 1.2-3 | 14.00 | 301.00 | 315.00 | OK | |
r-oldrel-macos-arm64 | 1.2-3 | 45.00 | OK | |||
r-oldrel-macos-x86_64 | 1.2-3 | 67.00 | OK | |||
r-oldrel-windows-x86_64 | 1.2-3 | 14.00 | 319.00 | 333.00 | OK |
Version: 1.2-3
Check: Rd contents
Result: NOTE
Argument items with no description in Rd file 'abrams.Rd':
‘prior’ ‘change’
Argument items with no description in Rd file 'absoluteIncreaseALL.Rd':
‘storedev’ ‘\dots’
Argument items with no description in Rd file 'boundaryLineALL.Rd':
‘\dots’
Argument items with no description in Rd file 'growthAveragingALL.Rd':
‘\dots’
Argument items with no description in Rd file 'plotFirstYears.Rd':
‘\dots’
Argument items with no description in Rd file 'plotRelease.Rd':
‘\dots’
Argument items with no description in Rd file 'splechtnaALL.Rd':
‘\dots’
Flavors: r-devel-linux-x86_64-debian-clang, r-devel-linux-x86_64-debian-gcc, r-devel-linux-x86_64-fedora-clang, r-devel-linux-x86_64-fedora-gcc, r-devel-windows-x86_64
Version: 1.2-3
Check: for non-standard things in the check directory
Result: NOTE
Found the following files/directories:
‘ai_000012.jpeg’ ‘ai_000012.pdf’ ‘ai_000017.jpeg’ ‘ai_000017.pdf’
‘ai_000020.jpeg’ ‘ai_000020.pdf’ ‘ai_000021.jpeg’ ‘ai_000021.pdf’
‘ai_000031.jpeg’ ‘ai_000031.pdf’ ‘ai_000033.jpeg’ ‘ai_000033.pdf’
‘ai_000035.jpeg’ ‘ai_000035.pdf’ ‘ai_000039.jpeg’ ‘ai_000039.pdf’
‘ai_000046.jpeg’ ‘ai_000046.pdf’ ‘ai_000049.jpeg’ ‘ai_000049.pdf’
‘ai_000066.jpeg’ ‘ai_000066.pdf’ ‘ai_000070.jpeg’ ‘ai_000070.pdf’
‘ai_000073.jpeg’ ‘ai_000073.pdf’ ‘ai_000091.jpeg’ ‘ai_000091.pdf’
‘ai_000096.jpeg’ ‘ai_000096.pdf’ ‘ai_change.csv’
‘ai_releases_all.csv’ ‘ai_releases_values_total.csv’
‘ai_releases_years_total.csv’ ‘all_000012.pdf’ ‘all_000017.pdf’
‘all_000020.pdf’ ‘all_000021.pdf’ ‘all_000031.pdf’ ‘all_000033.pdf’
‘all_000035.pdf’ ‘all_000039.pdf’ ‘all_000046.pdf’ ‘all_000049.pdf’
‘all_000066.pdf’ ‘all_000070.pdf’ ‘all_000073.pdf’ ‘all_000091.pdf’
‘all_000096.pdf’ ‘bl_000012.pdf’ ‘bl_000017.pdf’ ‘bl_000020.pdf’
‘bl_000021.pdf’ ‘bl_000031.pdf’ ‘bl_000033.pdf’ ‘bl_000035.pdf’
‘bl_000039.pdf’ ‘bl_000046.pdf’ ‘bl_000049.pdf’ ‘bl_000066.pdf’
‘bl_000070.pdf’ ‘bl_000073.pdf’ ‘bl_000091.pdf’ ‘bl_000096.pdf’
‘bl_change.csv’ ‘bl_releases_Only_Major.csv’
‘bl_releases_Only_Moderate.csv’ ‘bl_releases_all.csv’
‘bl_releases_values_total.csv’ ‘bl_releases_years_total.csv’
‘bo_boundaries.pdf’ ‘bo_boundary.pdf’ ‘boundaries.csv’
‘firstyear.csv’ ‘fy_firstyears.csv’ ‘fyfirstyears.pdf’
‘ga_000012.pdf’ ‘ga_000017.pdf’ ‘ga_000020.pdf’ ‘ga_000021.pdf’
‘ga_000031.pdf’ ‘ga_000033.pdf’ ‘ga_000035.pdf’ ‘ga_000039.pdf’
‘ga_000046.pdf’ ‘ga_000049.pdf’ ‘ga_000066.pdf’ ‘ga_000070.pdf’
‘ga_000073.pdf’ ‘ga_000091.pdf’ ‘ga_000096.pdf’ ‘ga_change.csv’
‘ga_releases_Only_Major.csv’ ‘ga_releases_Only_Moderate.csv’
‘ga_releases_all.csv’ ‘ga_releases_values_total.csv’
‘ga_releases_years_total.csv’ ‘growth_tree000012.pdf’
‘growth_tree000017.pdf’ ‘growth_tree000020.pdf’
‘growth_tree000021.pdf’ ‘growth_tree000031.pdf’
‘growth_tree000033.pdf’ ‘growth_tree000035.pdf’
‘growth_tree000039.pdf’ ‘growth_tree000046.pdf’
‘growth_tree000049.pdf’ ‘growth_tree000066.pdf’
‘growth_tree000070.pdf’ ‘growth_tree000073.pdf’
‘growth_tree000091.pdf’ ‘growth_tree000096.pdf’ ‘relai_inyears.pdf’
‘relbl_inyears.pdf’ ‘relga_inyears.pdf’ ‘relsp_inyears.pdf’
‘sp_000012.pdf’ ‘sp_000017.pdf’ ‘sp_000020.pdf’ ‘sp_000021.pdf’
‘sp_000031.pdf’ ‘sp_000033.pdf’ ‘sp_000035.pdf’ ‘sp_000039.pdf’
‘sp_000046.pdf’ ‘sp_000049.pdf’ ‘sp_000066.pdf’ ‘sp_000070.pdf’
‘sp_000073.pdf’ ‘sp_000091.pdf’ ‘sp_000096.pdf’ ‘sp_change.csv’
‘sp_releases_Only_Major.csv’ ‘sp_releases_Only_Moderate.csv’
‘sp_releases_all.csv’ ‘sp_releases_values_total.csv’
‘sp_releases_years_total.csv’
Flavors: r-devel-linux-x86_64-debian-clang, r-devel-linux-x86_64-debian-gcc, r-devel-linux-x86_64-fedora-clang, r-devel-linux-x86_64-fedora-gcc, r-patched-linux-x86_64, r-release-linux-x86_64