Last updated on 2023-09-30 00:56:21 CEST.
Flavor | Version | Tinstall | Tcheck | Ttotal | Status | Flags |
---|---|---|---|---|---|---|
r-devel-linux-x86_64-debian-clang | 0.1.1 | 6.17 | 176.87 | 183.04 | OK | |
r-devel-linux-x86_64-debian-gcc | 0.1.1 | 5.25 | 128.82 | 134.07 | OK | |
r-devel-linux-x86_64-fedora-clang | 0.1.1 | 210.75 | NOTE | |||
r-devel-linux-x86_64-fedora-gcc | 0.1.1 | 231.71 | NOTE | |||
r-devel-windows-x86_64 | 0.1.1 | 7.00 | 189.00 | 196.00 | OK | |
r-patched-linux-x86_64 | 0.1.1 | 6.50 | 165.34 | 171.84 | OK | |
r-release-linux-x86_64 | 0.1.1 | 4.41 | 170.57 | 174.98 | OK | |
r-release-macos-arm64 | 0.1.1 | 68.00 | OK | |||
r-release-macos-x86_64 | 0.1.1 | 165.00 | OK | |||
r-release-windows-x86_64 | 0.1.1 | 10.00 | 327.00 | 337.00 | OK | |
r-oldrel-macos-arm64 | 0.1.1 | 61.00 | OK | |||
r-oldrel-macos-x86_64 | 0.1.1 | 90.00 | OK | |||
r-oldrel-windows-x86_64 | 0.1.1 | 9.00 | 265.00 | 274.00 | OK |
Version: 0.1.1
Check: dependencies in R code
Result: NOTE
Namespaces in Imports field not imported from:
‘MASS’ ‘base’ ‘graphics’ ‘janitor’ ‘rlang’ ‘testthat’ ‘utils’
All declared Imports should be used.
Flavors: r-devel-linux-x86_64-fedora-clang, r-devel-linux-x86_64-fedora-gcc