CRAN Package Check Results for Package TreePar

Last updated on 2021-10-25 00:49:29 CEST.

Flavor Version Tinstall Tcheck Ttotal Status Flags
r-devel-linux-x86_64-debian-clang 3.3 12.32 94.48 106.80 NOTE
r-devel-linux-x86_64-debian-gcc 3.3 9.91 71.32 81.23 NOTE
r-devel-linux-x86_64-fedora-clang 3.3 137.35 NOTE
r-devel-linux-x86_64-fedora-gcc 3.3 126.28 NOTE
r-devel-windows-x86_64 3.3 19.00 121.00 140.00 NOTE
r-devel-windows-x86_64-gcc10-UCRT 3.3 NOTE
r-patched-linux-x86_64 3.3 10.27 91.43 101.70 NOTE
r-patched-solaris-x86 3.3 190.90 NOTE
r-release-linux-x86_64 3.3 12.66 91.01 103.67 NOTE
r-release-macos-arm64 3.3 NOTE
r-release-macos-x86_64 3.3 NOTE
r-release-windows-ix86+x86_64 3.3 19.00 123.00 142.00 NOTE
r-oldrel-macos-x86_64 3.3 NOTE
r-oldrel-windows-ix86+x86_64 3.3 27.00 130.00 157.00 NOTE

Check Details

Version: 3.3
Check: R code for possible problems
Result: NOTE
    LikAge: no visible global function definition for 'read.table'
    bd.ME.optim: no visible global function definition for 'optim'
    bd.ME.optim.rho: no visible global function definition for 'optim'
    bd.ME.optim.rho.all: no visible global function definition for 'optim'
    bd.MEyule.optim: no visible global function definition for 'optimize'
    bd.MEyule.optim: no visible global function definition for 'optim'
    bd.age.optim.matlab: no visible global function definition for
     'read.table'
    bd.groups.conf: no visible global function definition for 'uniroot'
    bd.shifts.plot: no visible global function definition for 'lines'
    bdsky.stt.optim: no visible global function definition for 'optim'
    create.mat: no visible global function definition for 'write.table'
    Undefined global functions or variables:
     lines optim optimize read.table uniroot write.table
    Consider adding
     importFrom("graphics", "lines")
     importFrom("stats", "optim", "optimize", "uniroot")
     importFrom("utils", "read.table", "write.table")
    to your NAMESPACE file.
Flavors: r-devel-linux-x86_64-debian-clang, r-devel-linux-x86_64-debian-gcc, r-devel-linux-x86_64-fedora-clang, r-devel-linux-x86_64-fedora-gcc, r-devel-windows-x86_64, r-devel-windows-x86_64-gcc10-UCRT, r-patched-linux-x86_64, r-patched-solaris-x86, r-release-linux-x86_64, r-release-macos-arm64, r-release-macos-x86_64, r-release-windows-ix86+x86_64, r-oldrel-macos-x86_64, r-oldrel-windows-ix86+x86_64