Last updated on 2025-04-30 00:50:03 CEST.
Flavor | Version | Tinstall | Tcheck | Ttotal | Status | Flags |
---|---|---|---|---|---|---|
r-devel-linux-x86_64-debian-clang | 1.6.0 | 31.28 | 281.28 | 312.56 | OK | |
r-devel-linux-x86_64-debian-gcc | 1.6.0 | 22.24 | 178.42 | 200.66 | OK | |
r-devel-linux-x86_64-fedora-clang | 1.6.0 | 493.00 | OK | |||
r-devel-linux-x86_64-fedora-gcc | 1.6.0 | 500.28 | OK | |||
r-devel-windows-x86_64 | 1.6.0 | 45.00 | 305.00 | 350.00 | OK | |
r-patched-linux-x86_64 | 1.6.0 | 34.16 | 267.83 | 301.99 | OK | |
r-release-linux-x86_64 | 1.6.0 | 33.80 | 264.62 | 298.42 | OK | |
r-release-macos-arm64 | 1.6.0 | 113.00 | OK | |||
r-release-macos-x86_64 | 1.6.0 | 257.00 | OK | |||
r-release-windows-x86_64 | 1.6.0 | 47.00 | 290.00 | 337.00 | OK | |
r-oldrel-macos-arm64 | 1.6.0 | 133.00 | NOTE | |||
r-oldrel-macos-x86_64 | 1.6.0 | 299.00 | NOTE | |||
r-oldrel-windows-x86_64 | 1.6.0 | 53.00 | 569.00 | 622.00 | NOTE |
Version: 1.6.0
Check: installed package size
Result: NOTE
installed size is 6.2Mb
sub-directories of 1Mb or more:
datasets 1.6Mb
doc 1.3Mb
libs 1.6Mb
Flavors: r-oldrel-macos-arm64, r-oldrel-macos-x86_64, r-oldrel-windows-x86_64