CRAN Package Check Results for Package TukeyC

Last updated on 2021-10-15 00:49:20 CEST.

Flavor Version Tinstall Tcheck Ttotal Status Flags
r-devel-linux-x86_64-debian-clang 1.3-3 10.69 103.06 113.75 OK
r-devel-linux-x86_64-debian-gcc 1.3-3 9.39 77.35 86.74 OK
r-devel-linux-x86_64-fedora-clang 1.3-3 145.97 NOTE
r-devel-linux-x86_64-fedora-gcc 1.3-3 141.33 OK
r-devel-windows-x86_64 1.3-3 23.00 94.00 117.00 OK
r-devel-windows-x86_64-gcc10-UCRT 1.3-3 OK
r-patched-linux-x86_64 1.3-3 9.82 97.54 107.36 OK
r-patched-solaris-x86 1.3-3 188.60 OK
r-release-linux-x86_64 1.3-3 10.51 98.21 108.72 OK
r-release-macos-arm64 1.3-3 OK
r-release-macos-x86_64 1.3-3 OK
r-release-windows-ix86+x86_64 1.3-3 27.00 129.00 156.00 OK
r-oldrel-macos-x86_64 1.3-3 OK
r-oldrel-windows-ix86+x86_64 1.3-3 28.00 129.00 157.00 OK

Check Details

Version: 1.3-3
Check: Rd cross-references
Result: NOTE
    Undeclared packages ‘multcomp’, ‘agricolae’ in Rd xrefs
Flavor: r-devel-linux-x86_64-fedora-clang