CRAN Package Check Results for Package UCSCXenaShiny

Last updated on 2021-10-20 00:49:58 CEST.

Flavor Version Tinstall Tcheck Ttotal Status Flags
r-devel-linux-x86_64-debian-clang 1.1.1 12.07 102.14 114.21 OK
r-devel-linux-x86_64-debian-gcc 1.1.1 10.92 77.18 88.10 OK
r-devel-linux-x86_64-fedora-clang 1.1.1 152.69 NOTE
r-devel-linux-x86_64-fedora-gcc 1.1.1 135.73 OK
r-devel-windows-x86_64 1.1.1 23.00 134.00 157.00 NOTE
r-devel-windows-x86_64-gcc10-UCRT 1.1.1 OK
r-patched-linux-x86_64 1.1.1 13.62 95.96 109.58 OK
r-patched-solaris-x86 1.1.1 179.80 NOTE
r-release-linux-x86_64 1.1.1 13.10 96.34 109.44 OK
r-release-macos-arm64 1.1.1 NOTE
r-release-macos-x86_64 1.1.1 NOTE
r-release-windows-ix86+x86_64 1.1.1 29.00 139.00 168.00 NOTE
r-oldrel-macos-x86_64 1.1.1 NOTE
r-oldrel-windows-ix86+x86_64 1.1.1 30.00 151.00 181.00 NOTE

Check Details

Version: 1.1.1
Check: installed package size
Result: NOTE
     installed size is 6.9Mb
     sub-directories of 1Mb or more:
     doc 1.6Mb
     shinyapp 3.4Mb
Flavors: r-devel-linux-x86_64-fedora-clang, r-devel-windows-x86_64, r-patched-solaris-x86, r-release-macos-arm64, r-release-macos-x86_64, r-release-windows-ix86+x86_64, r-oldrel-macos-x86_64, r-oldrel-windows-ix86+x86_64