Last updated on 2023-12-03 00:57:01 CET.
Flavor | Version | Tinstall | Tcheck | Ttotal | Status | Flags |
---|---|---|---|---|---|---|
r-devel-linux-x86_64-debian-clang | 1.4.0 | 8.56 | 72.46 | 81.02 | NOTE | |
r-devel-linux-x86_64-debian-gcc | 1.4.0 | 7.57 | 53.59 | 61.16 | NOTE | |
r-devel-linux-x86_64-fedora-clang | 1.4.0 | 100.70 | NOTE | |||
r-devel-linux-x86_64-fedora-gcc | 1.4.0 | 197.46 | NOTE | |||
r-devel-windows-x86_64 | 1.4.0 | 9.00 | 70.00 | 79.00 | NOTE | |
r-patched-linux-x86_64 | 1.4.0 | 8.99 | 68.17 | 77.16 | NOTE | |
r-release-linux-x86_64 | 1.4.0 | 8.72 | 67.64 | 76.36 | NOTE | |
r-release-macos-arm64 | 1.4.0 | 66.00 | NOTE | |||
r-release-macos-x86_64 | 1.4.0 | 101.00 | NOTE | |||
r-release-windows-x86_64 | 1.4.0 | 11.00 | 77.00 | 88.00 | NOTE | |
r-oldrel-macos-arm64 | 1.4.0 | 58.00 | NOTE | |||
r-oldrel-macos-x86_64 | 1.4.0 | 107.00 | NOTE | |||
r-oldrel-windows-x86_64 | 1.4.0 | 13.00 | 84.00 | 97.00 | NOTE |
Version: 1.4.0
Check: LazyData
Result: NOTE
'LazyData' is specified without a 'data' directory
Flavors: r-devel-linux-x86_64-debian-clang, r-devel-linux-x86_64-debian-gcc, r-devel-linux-x86_64-fedora-clang, r-devel-linux-x86_64-fedora-gcc, r-devel-windows-x86_64, r-patched-linux-x86_64, r-release-linux-x86_64, r-release-macos-arm64, r-release-macos-x86_64, r-release-windows-x86_64, r-oldrel-macos-arm64, r-oldrel-macos-x86_64, r-oldrel-windows-x86_64
Version: 1.4.0
Check: installed package size
Result: NOTE
installed size is 8.1Mb
sub-directories of 1Mb or more:
doc 7.6Mb
Flavors: r-devel-linux-x86_64-fedora-clang, r-devel-windows-x86_64, r-release-macos-arm64, r-release-macos-x86_64, r-release-windows-x86_64, r-oldrel-macos-arm64, r-oldrel-macos-x86_64, r-oldrel-windows-x86_64